CRAN Package Check Results for Package RQEntangle

Last updated on 2022-05-27 12:53:24 CEST.

Flavor Version Tinstall Tcheck Ttotal Status Flags
r-devel-linux-x86_64-debian-clang 0.1.3 2.19 52.87 55.06 NOTE
r-devel-linux-x86_64-debian-gcc 0.1.3 1.76 39.03 40.79 NOTE
r-devel-linux-x86_64-fedora-clang 0.1.3 63.88 NOTE
r-devel-linux-x86_64-fedora-gcc 0.1.3 62.93 NOTE
r-devel-windows-x86_64 0.1.3 21.00 79.00 100.00 NOTE
r-patched-linux-x86_64 0.1.3 2.61 50.46 53.07 NOTE
r-release-linux-x86_64 0.1.3 2.09 50.46 52.55 NOTE
r-release-macos-arm64 0.1.3 22.00 NOTE
r-release-macos-x86_64 0.1.3 31.00 NOTE
r-release-windows-x86_64 0.1.3 26.00 79.00 105.00 NOTE
r-oldrel-macos-arm64 0.1.3 30.00 NOTE
r-oldrel-macos-x86_64 0.1.3 48.00 NOTE
r-oldrel-windows-ix86+x86_64 0.1.3 6.00 65.00 71.00 NOTE

Check Details

Version: 0.1.3
Check: LazyData
Result: NOTE
     'LazyData' is specified without a 'data' directory
Flavors: r-devel-linux-x86_64-debian-clang, r-devel-linux-x86_64-debian-gcc, r-devel-linux-x86_64-fedora-clang, r-devel-linux-x86_64-fedora-gcc, r-devel-windows-x86_64, r-patched-linux-x86_64, r-release-linux-x86_64, r-release-macos-arm64, r-release-macos-x86_64, r-release-windows-x86_64, r-oldrel-macos-arm64, r-oldrel-macos-x86_64, r-oldrel-windows-ix86+x86_64