Last updated on 2023-09-29 12:57:08 CEST.
Flavor | Version | Tinstall | Tcheck | Ttotal | Status | Flags |
---|---|---|---|---|---|---|
r-devel-linux-x86_64-debian-clang | 2.2 | 97.28 | 716.85 | 814.13 | OK | |
r-devel-linux-x86_64-debian-gcc | 2.2 | 73.98 | 515.48 | 589.46 | OK | |
r-devel-linux-x86_64-fedora-clang | 2.2 | 981.20 | NOTE | |||
r-devel-linux-x86_64-fedora-gcc | 2.2 | 1054.25 | OK | |||
r-devel-windows-x86_64 | 2.2 | 74.00 | 517.00 | 591.00 | OK | |
r-patched-linux-x86_64 | 2.2 | 76.82 | 680.90 | 757.72 | OK | |
r-release-linux-x86_64 | 2.2 | 58.88 | 684.81 | 743.69 | OK | |
r-release-macos-arm64 | 2.2 | 225.00 | OK | |||
r-release-macos-x86_64 | 2.2 | 433.00 | OK | |||
r-release-windows-x86_64 | 2.2 | 105.00 | 650.00 | 755.00 | OK | |
r-oldrel-macos-arm64 | 2.2 | 167.00 | OK | |||
r-oldrel-macos-x86_64 | 2.2 | 275.00 | OK | |||
r-oldrel-windows-x86_64 | 2.2 | 107.00 | 624.00 | 731.00 | OK |
Version: 2.2
Check: package dependencies
Result: NOTE
Imports includes 21 non-default packages.
Importing from so many packages makes the package vulnerable to any of
them becoming unavailable. Move as many as possible to Suggests and
use conditionally.
Flavor: r-devel-linux-x86_64-fedora-clang