Last updated on 2023-03-26 03:50:22 CEST.
Flavor | Version | Tinstall | Tcheck | Ttotal | Status | Flags |
---|---|---|---|---|---|---|
r-devel-linux-x86_64-debian-clang | 4.70.0 | 2.33 | 26.63 | 28.96 | OK | |
r-devel-linux-x86_64-debian-gcc | 4.70.0 | 1.90 | 20.72 | 22.62 | OK | |
r-devel-linux-x86_64-fedora-gcc | 4.70.0 | 49.60 | OK | |||
r-devel-windows-x86_64 | 4.70.0 | 27.00 | 58.00 | 85.00 | OK | |
r-patched-linux-x86_64 | 4.70.0 | 2.33 | 26.09 | 28.42 | OK | |
r-release-linux-x86_64 | 4.70.0 | 2.42 | 27.83 | 30.25 | OK | |
r-release-macos-arm64 | 4.70.0 | 18.00 | WARN | |||
r-release-macos-x86_64 | 4.70.0 | 23.00 | WARN | |||
r-release-windows-x86_64 | 4.70.0 | 22.00 | 59.00 | 81.00 | OK | |
r-oldrel-macos-arm64 | 4.70.0 | 21.00 | WARN | |||
r-oldrel-macos-x86_64 | 4.70.0 | 28.00 | WARN | |||
r-oldrel-windows-ix86+x86_64 | 4.70.0 | 6.00 | 53.00 | 59.00 | OK |
Version: 4.70.0
Check: dependencies in R code
Result: NOTE
sh: cmake: command not found
Flavors: r-release-macos-arm64, r-release-macos-x86_64, r-oldrel-macos-arm64, r-oldrel-macos-x86_64
Version: 4.70.0
Check: S3 generic/method consistency
Result: WARN
sh: cmake: command not found
See section ‘Generic functions and methods’ in the ‘Writing R
Extensions’ manual.
Flavors: r-release-macos-arm64, r-release-macos-x86_64, r-oldrel-macos-arm64, r-oldrel-macos-x86_64
Version: 4.70.0
Check: replacement functions
Result: WARN
sh: cmake: command not found
The argument of a replacement function which corresponds to the right
hand side must be named ‘value’.
Flavors: r-release-macos-arm64, r-release-macos-x86_64, r-oldrel-macos-arm64, r-oldrel-macos-x86_64
Version: 4.70.0
Check: foreign function calls
Result: NOTE
sh: cmake: command not found
See chapter ‘System and foreign language interfaces’ in the ‘Writing R
Extensions’ manual.
Flavors: r-release-macos-arm64, r-release-macos-x86_64, r-oldrel-macos-arm64, r-oldrel-macos-x86_64
Version: 4.70.0
Check: for missing documentation entries
Result: WARN
sh: cmake: command not found
All user-level objects in a package should have documentation entries.
See chapter ‘Writing R documentation files’ in the ‘Writing R
Extensions’ manual.
Flavors: r-release-macos-arm64, r-release-macos-x86_64, r-oldrel-macos-arm64, r-oldrel-macos-x86_64
Version: 4.70.0
Check: for code/documentation mismatches
Result: WARN
sh: cmake: command not found
sh: cmake: command not found
sh: cmake: command not found
Flavors: r-release-macos-arm64, r-release-macos-x86_64, r-oldrel-macos-arm64, r-oldrel-macos-x86_64
Version: 4.70.0
Check: Rd \usage sections
Result: NOTE
sh: cmake: command not found
The \usage entries for S3 methods should use the \method markup and not
their full name.
See chapter ‘Writing R documentation files’ in the ‘Writing R
Extensions’ manual.
Flavors: r-release-macos-arm64, r-release-macos-x86_64, r-oldrel-macos-arm64, r-oldrel-macos-x86_64