Last updated on 2024-04-23 12:49:40 CEST.
Flavor | Version | Tinstall | Tcheck | Ttotal | Status | Flags |
---|---|---|---|---|---|---|
r-devel-linux-x86_64-debian-clang | 1.0-1 | 6.81 | 697.82 | 704.63 | NOTE | |
r-devel-linux-x86_64-debian-gcc | 1.0-1 | 5.82 | 439.89 | 445.71 | NOTE | |
r-devel-linux-x86_64-fedora-clang | 1.0-1 | 75.80 | NOTE | |||
r-devel-linux-x86_64-fedora-gcc | 1.0-1 | 72.58 | NOTE | |||
r-prerel-macos-arm64 | 1.0-1 | 26.00 | NOTE | |||
r-prerel-windows-x86_64 | 1.0-1 | 45.00 | 335.00 | 380.00 | NOTE | |
r-patched-linux-x86_64 | 1.0-1 | 10.06 | 647.49 | 657.55 | NOTE | |
r-release-linux-x86_64 | 1.0-1 | 7.44 | 606.88 | 614.32 | OK | |
r-release-macos-arm64 | 1.0-1 | 25.00 | OK | |||
r-release-macos-x86_64 | 1.0-1 | 46.00 | OK | |||
r-release-windows-x86_64 | 1.0-1 | 33.00 | 428.00 | 461.00 | OK | |
r-oldrel-macos-arm64 | 1.0-1 | 26.00 | OK | |||
r-oldrel-windows-x86_64 | 1.0-1 | 42.00 | 605.00 | 647.00 | OK |
Version: 1.0-1
Check: Rd files
Result: NOTE
checkRd: (-1) ROI_plugin_build_equality_constraints.Rd:27: Lost braces in \enumerate; meant \describe ?
checkRd: (-1) ROI_plugin_build_equality_constraints.Rd:28: Lost braces in \enumerate; meant \describe ?
checkRd: (-1) ROI_plugin_build_inequality_constraints.Rd:27: Lost braces in \enumerate; meant \describe ?
checkRd: (-1) ROI_plugin_build_inequality_constraints.Rd:28: Lost braces in \enumerate; meant \describe ?
checkRd: (-1) ROI_plugin_build_inequality_constraints.Rd:29: Lost braces in \enumerate; meant \describe ?
checkRd: (-1) ROI_solve.Rd:26: Lost braces in \itemize; \value handles \item{}{} directly
checkRd: (-1) ROI_solve.Rd:27: Lost braces in \itemize; \value handles \item{}{} directly
checkRd: (-1) ROI_solve.Rd:28-30: Lost braces in \itemize; \value handles \item{}{} directly
checkRd: (-1) ROI_solve.Rd:31: Lost braces in \itemize; \value handles \item{}{} directly
Flavors: r-devel-linux-x86_64-debian-clang, r-devel-linux-x86_64-debian-gcc, r-devel-linux-x86_64-fedora-clang, r-devel-linux-x86_64-fedora-gcc, r-prerel-macos-arm64, r-prerel-windows-x86_64, r-patched-linux-x86_64