Last updated on 2024-03-28 12:50:46 CET.
Flavor | Version | Tinstall | Tcheck | Ttotal | Status | Flags |
---|---|---|---|---|---|---|
r-devel-linux-x86_64-debian-clang | 1.0.1 | 2.73 | 32.95 | 35.68 | NOTE | |
r-devel-linux-x86_64-debian-gcc | 1.0.1 | 2.37 | 25.53 | 27.90 | NOTE | |
r-devel-linux-x86_64-fedora-clang | 1.0.1 | 44.39 | NOTE | |||
r-devel-linux-x86_64-fedora-gcc | 1.0.1 | 42.63 | NOTE | |||
r-devel-windows-x86_64 | 1.0.1 | 3.00 | 45.00 | 48.00 | NOTE | |
r-patched-linux-x86_64 | 1.0.1 | 3.80 | 32.25 | 36.05 | NOTE | |
r-release-linux-x86_64 | 1.0.1 | 2.89 | 31.51 | 34.40 | NOTE | |
r-release-macos-arm64 | 1.0.1 | 20.00 | NOTE | |||
r-release-macos-x86_64 | 1.0.1 | 24.00 | NOTE | |||
r-release-windows-x86_64 | 1.0.1 | 3.00 | 48.00 | 51.00 | NOTE | |
r-oldrel-macos-arm64 | 1.0.1 | 16.00 | NOTE | |||
r-oldrel-windows-x86_64 | 1.0.1 | 4.00 | 51.00 | 55.00 | NOTE |
Version: 1.0.1
Check: LazyData
Result: NOTE
'LazyData' is specified without a 'data' directory
Flavors: r-devel-linux-x86_64-debian-clang, r-devel-linux-x86_64-debian-gcc, r-devel-linux-x86_64-fedora-clang, r-devel-linux-x86_64-fedora-gcc, r-devel-windows-x86_64, r-patched-linux-x86_64, r-release-linux-x86_64, r-release-macos-arm64, r-release-macos-x86_64, r-release-windows-x86_64, r-oldrel-macos-arm64, r-oldrel-windows-x86_64