CRAN Package Check Results for Package ROAuth

Last updated on 2025-04-30 06:51:29 CEST.

Flavor Version Tinstall Tcheck Ttotal Status Flags
r-devel-linux-x86_64-debian-clang 0.9.6 3.41 24.69 28.10 NOTE
r-devel-linux-x86_64-debian-gcc 0.9.6 2.56 19.57 22.13 NOTE
r-devel-linux-x86_64-fedora-clang 0.9.6 43.00 OK
r-devel-linux-x86_64-fedora-gcc 0.9.6 41.72 OK
r-devel-windows-x86_64 0.9.6 4.00 47.00 51.00 OK
r-patched-linux-x86_64 0.9.6 3.66 23.46 27.12 OK
r-release-linux-x86_64 0.9.6 3.66 23.45 27.11 OK
r-release-macos-arm64 0.9.6 18.00 OK
r-release-macos-x86_64 0.9.6 29.00 OK
r-release-windows-x86_64 0.9.6 4.00 44.00 48.00 OK
r-oldrel-macos-arm64 0.9.6 16.00 OK
r-oldrel-macos-x86_64 0.9.6 31.00 OK
r-oldrel-windows-x86_64 0.9.6 4.00 46.00 50.00 OK

Check Details

Version: 0.9.6
Check: CRAN incoming feasibility
Result: NOTE Maintainer: ‘Pablo Barbera <pablo.barbera@nyu.edu>’ No Authors@R field in DESCRIPTION. Please add one, modifying Authors@R: c(person(given = "Jeff", family = "Gentry", role = "aut", email = "geoffjentry@gmail.com"), person(given = c("Duncan", "Temple"), family = "Lang", role = "aut", email = "duncan@r-project.org"), person(given = "Pablo", family = "Barbera", role = "cre", email = "pablo.barbera@nyu.edu")) as necessary. Flavors: r-devel-linux-x86_64-debian-clang, r-devel-linux-x86_64-debian-gcc