CRAN Package Check Results for Package RNiftyReg

Last updated on 2022-06-25 12:54:33 CEST.

Flavor Version Tinstall Tcheck Ttotal Status Flags
r-devel-linux-x86_64-debian-clang 2.7.0 583.73 59.03 642.76 OK
r-devel-linux-x86_64-debian-gcc 2.7.0 420.91 49.05 469.96 OK
r-devel-linux-x86_64-fedora-clang 2.7.0 1067.02 NOTE
r-devel-linux-x86_64-fedora-gcc 2.7.0 829.81 OK
r-devel-windows-x86_64 2.7.0 361.00 111.00 472.00 NOTE
r-patched-linux-x86_64 2.7.0 446.51 63.29 509.80 OK
r-release-linux-x86_64 2.7.0 456.21 61.10 517.31 OK
r-release-macos-arm64 2.7.0 195.00 NOTE
r-release-macos-x86_64 2.7.0 221.00 NOTE
r-release-windows-x86_64 2.7.0 390.00 112.00 502.00 NOTE
r-oldrel-macos-arm64 2.7.0 199.00 NOTE
r-oldrel-macos-x86_64 2.7.0 315.00 NOTE
r-oldrel-windows-ix86+x86_64 2.7.0 1253.00 140.00 1393.00 NOTE

Check Details

Version: 2.7.0
Check: installed package size
Result: NOTE
     installed size is 85.2Mb
     sub-directories of 1Mb or more:
     extdata 2.0Mb
     libs 83.0Mb
Flavors: r-devel-linux-x86_64-fedora-clang, r-devel-windows-x86_64, r-release-macos-arm64, r-release-macos-x86_64, r-release-windows-x86_64, r-oldrel-macos-arm64, r-oldrel-macos-x86_64, r-oldrel-windows-ix86+x86_64