CRAN Package Check Results for Package RNOmni

Last updated on 2023-03-28 12:54:52 CEST.

Flavor Version Tinstall Tcheck Ttotal Status Flags
r-devel-linux-x86_64-debian-clang 1.0.1 48.38 38.47 86.85 NOTE
r-devel-linux-x86_64-debian-gcc 1.0.1 37.37 30.99 68.36 NOTE
r-devel-linux-x86_64-fedora-clang 1.0.1 130.68 NOTE
r-devel-linux-x86_64-fedora-gcc 1.0.1 132.65 NOTE
r-patched-linux-x86_64 1.0.1 42.63 37.98 80.61 NOTE
r-release-linux-x86_64 1.0.1 39.56 39.75 79.31 OK
r-release-macos-arm64 1.0.1 29.00 OK
r-release-macos-x86_64 1.0.1 46.00 OK
r-release-windows-x86_64 1.0.1 55.00 96.00 151.00 OK
r-oldrel-macos-arm64 1.0.1 30.00 OK
r-oldrel-macos-x86_64 1.0.1 56.00 OK
r-oldrel-windows-ix86+x86_64 1.0.1 122.00 107.00 229.00 OK

Check Details

Version: 1.0.1
Check: C++ specification
Result: NOTE
     Specified C++11: please drop specification unless essential
Flavors: r-devel-linux-x86_64-debian-clang, r-devel-linux-x86_64-debian-gcc, r-devel-linux-x86_64-fedora-clang, r-devel-linux-x86_64-fedora-gcc, r-patched-linux-x86_64