Last updated on 2025-02-01 21:49:24 CET.
Flavor | Version | Tinstall | Tcheck | Ttotal | Status | Flags |
---|---|---|---|---|---|---|
r-devel-linux-x86_64-debian-clang | 4.1.6 | 7.11 | 63.46 | 70.57 | NOTE | |
r-devel-linux-x86_64-debian-gcc | 4.1.6 | 5.66 | 44.71 | 50.37 | NOTE | |
r-devel-linux-x86_64-fedora-clang | 4.1.6 | 116.03 | NOTE | |||
r-devel-linux-x86_64-fedora-gcc | 4.1.6 | 103.68 | NOTE | |||
r-devel-windows-x86_64 | 4.1.6 | 10.00 | 89.00 | 99.00 | NOTE | |
r-patched-linux-x86_64 | 4.1.6 | 7.12 | 58.99 | 66.11 | NOTE | |
r-release-linux-x86_64 | 4.1.6 | 8.38 | 58.68 | 67.06 | NOTE | |
r-release-macos-arm64 | 4.1.6 | 35.00 | NOTE | |||
r-release-macos-x86_64 | 4.1.6 | 131.00 | NOTE | |||
r-release-windows-x86_64 | 4.1.6 | 9.00 | 89.00 | 98.00 | NOTE | |
r-oldrel-macos-arm64 | 4.1.6 | 35.00 | OK | |||
r-oldrel-macos-x86_64 | 4.1.6 | 82.00 | OK | |||
r-oldrel-windows-x86_64 | 4.1.6 | 12.00 | 106.00 | 118.00 | OK |
Version: 4.1.6
Check: Rd files
Result: NOTE
checkRd: (-1) histMisclassif.Rd:22: Lost braces
22 | err_i = 1 - max_{k={1,\ldots,K}} P(Z_i=k|x_i)
| ^
checkRd: (-1) histMisclassif.Rd:22: Lost braces
22 | err_i = 1 - max_{k={1,\ldots,K}} P(Z_i=k|x_i)
| ^
Flavors: r-devel-linux-x86_64-debian-clang, r-devel-linux-x86_64-debian-gcc, r-devel-linux-x86_64-fedora-clang, r-devel-linux-x86_64-fedora-gcc, r-devel-windows-x86_64, r-patched-linux-x86_64, r-release-linux-x86_64, r-release-macos-arm64, r-release-macos-x86_64, r-release-windows-x86_64