Last updated on 2022-05-27 06:51:33 CEST.
Flavor | Version | Tinstall | Tcheck | Ttotal | Status | Flags |
---|---|---|---|---|---|---|
r-devel-linux-x86_64-debian-clang | 4.0.7 | 337.45 | 182.12 | 519.57 | WARN | |
r-devel-linux-x86_64-debian-gcc | 4.0.7 | 278.48 | 143.36 | 421.84 | OK | |
r-devel-linux-x86_64-fedora-clang | 4.0.7 | 750.99 | WARN | |||
r-devel-linux-x86_64-fedora-gcc | 4.0.7 | 677.68 | OK | |||
r-devel-windows-x86_64 | 4.0.7 | 296.00 | 253.00 | 549.00 | OK | |
r-patched-linux-x86_64 | 4.0.7 | 293.36 | 177.03 | 470.39 | OK | |
r-release-linux-x86_64 | 4.0.7 | 289.45 | 180.61 | 470.06 | OK | |
r-release-macos-arm64 | 4.0.7 | 163.00 | NOTE | |||
r-release-macos-x86_64 | 4.0.7 | 227.00 | NOTE | |||
r-release-windows-x86_64 | 4.0.7 | 344.00 | 251.00 | 595.00 | OK | |
r-oldrel-macos-arm64 | 4.0.7 | 150.00 | NOTE | |||
r-oldrel-macos-x86_64 | 4.0.7 | 248.00 | NOTE | |||
r-oldrel-windows-ix86+x86_64 | 4.0.7 | 789.00 | 435.00 | 1224.00 | OK |
Version: 4.0.7
Check: whether package can be installed
Result: WARN
Found the following significant warnings:
lib/Composer/MixtureComposer.h:247:7: warning: use of bitwise '&' with boolean operands [-Wbitwise-instead-of-logical]
optim/include/cppoptlib/solver/../linesearch/morethuente.h:175:20: warning: use of bitwise '|' with boolean operands [-Wbitwise-instead-of-logical]
Flavors: r-devel-linux-x86_64-debian-clang, r-devel-linux-x86_64-fedora-clang
Version: 4.0.7
Check: installed package size
Result: NOTE
installed size is 23.6Mb
sub-directories of 1Mb or more:
libs 23.4Mb
Flavors: r-devel-linux-x86_64-fedora-clang, r-release-macos-arm64, r-release-macos-x86_64, r-oldrel-macos-arm64, r-oldrel-macos-x86_64