CRAN Package Check Results for Package RMTstat

Last updated on 2021-12-03 21:50:43 CET.

Flavor Version Tinstall Tcheck Ttotal Status Flags
r-devel-linux-x86_64-debian-clang 0.3 2.41 22.78 25.19 NOTE
r-devel-linux-x86_64-debian-gcc 0.3 1.64 17.89 19.53 NOTE
r-devel-linux-x86_64-fedora-clang 0.3 41.70 NOTE
r-devel-linux-x86_64-fedora-gcc 0.3 30.65 NOTE
r-devel-windows-x86_64-new-UL 0.3 7.00 54.00 61.00 NOTE
r-devel-windows-x86_64-new-TK 0.3 NOTE
r-devel-windows-x86_64-old 0.3 5.00 30.00 35.00 NOTE
r-patched-linux-x86_64 0.3 2.41 21.49 23.90 NOTE
r-release-linux-x86_64 0.3 1.92 21.99 23.91 NOTE
r-release-macos-arm64 0.3 NOTE
r-release-macos-x86_64 0.3 NOTE
r-release-windows-ix86+x86_64 0.3 5.00 35.00 40.00 NOTE
r-oldrel-macos-x86_64 0.3 NOTE
r-oldrel-windows-ix86+x86_64 0.3 4.00 33.00 37.00 NOTE

Check Details

Version: 0.3
Check: R code for possible problems
Result: NOTE
    dWishartSpike: no visible global function definition for 'dnorm'
    pWishartSpike: no visible global function definition for 'pnorm'
    qWishartSpike: no visible global function definition for 'qnorm'
    rWishartSpike: no visible global function definition for 'qnorm'
    rmp: no visible global function definition for 'runif'
    rtw: no visible global function definition for 'runif'
    Undefined global functions or variables:
     dnorm pnorm qnorm runif
    Consider adding
     importFrom("stats", "dnorm", "pnorm", "qnorm", "runif")
    to your NAMESPACE file.
Flavors: r-devel-linux-x86_64-debian-clang, r-devel-linux-x86_64-debian-gcc, r-devel-linux-x86_64-fedora-clang, r-devel-linux-x86_64-fedora-gcc, r-devel-windows-x86_64-new-UL, r-devel-windows-x86_64-new-TK, r-devel-windows-x86_64-old, r-patched-linux-x86_64, r-release-linux-x86_64, r-release-macos-arm64, r-release-macos-x86_64, r-release-windows-ix86+x86_64, r-oldrel-macos-x86_64, r-oldrel-windows-ix86+x86_64