CRAN Package Check Results for Package RMTL

Last updated on 2020-06-06 22:51:23 CEST.

Flavor Version Tinstall Tcheck Ttotal Status Flags
r-devel-linux-x86_64-debian-clang 0.9 3.85 46.74 50.59 NOTE
r-devel-linux-x86_64-debian-gcc 0.9 3.87 35.10 38.97 NOTE
r-devel-linux-x86_64-fedora-clang 0.9 67.58 OK
r-devel-linux-x86_64-fedora-gcc 0.9 58.21 OK
r-devel-windows-ix86+x86_64 0.9 11.00 73.00 84.00 NOTE
r-patched-linux-x86_64 0.9 4.91 46.34 51.25 NOTE
r-patched-solaris-x86 0.9 80.60 OK
r-release-linux-x86_64 0.9 4.18 46.48 50.66 NOTE
r-release-osx-x86_64 0.9 OK
r-release-windows-ix86+x86_64 0.9 12.00 77.00 89.00 NOTE
r-oldrel-osx-x86_64 0.9 OK
r-oldrel-windows-ix86+x86_64 0.9 11.00 77.00 88.00 OK

Check Details

Version: 0.9
Check: package vignettes
Result: NOTE
    Package vignette with placeholder title 'Vignette Title':
     'rmtl.Rmd'
Flavors: r-devel-linux-x86_64-debian-clang, r-devel-linux-x86_64-debian-gcc, r-devel-windows-ix86+x86_64, r-patched-linux-x86_64, r-release-linux-x86_64, r-release-windows-ix86+x86_64