Last updated on 2023-03-28 21:54:08 CEST.
Flavor | Version | Tinstall | Tcheck | Ttotal | Status | Flags |
---|---|---|---|---|---|---|
r-devel-linux-x86_64-debian-clang | 0.1.9 | 173.88 | 51.06 | 224.94 | NOTE | |
r-devel-linux-x86_64-debian-gcc | 0.1.9 | 134.94 | 39.27 | 174.21 | NOTE | |
r-devel-linux-x86_64-fedora-clang | 0.1.9 | 357.83 | NOTE | |||
r-devel-linux-x86_64-fedora-gcc | 0.1.9 | 324.12 | NOTE | |||
r-patched-linux-x86_64 | 0.1.9 | 148.46 | 48.42 | 196.88 | NOTE | |
r-release-linux-x86_64 | 0.1.9 | 139.25 | 49.08 | 188.33 | OK | |
r-release-macos-arm64 | 0.1.9 | 69.00 | OK | |||
r-release-macos-x86_64 | 0.1.9 | 96.00 | OK | |||
r-release-windows-x86_64 | 0.1.9 | 160.00 | 115.00 | 275.00 | OK | |
r-oldrel-macos-arm64 | 0.1.9 | 67.00 | OK | |||
r-oldrel-macos-x86_64 | 0.1.9 | 100.00 | OK | |||
r-oldrel-windows-ix86+x86_64 | 0.1.9 | 438.00 | 132.00 | 570.00 | OK |
Version: 0.1.9
Check: C++ specification
Result: NOTE
Specified C++11: please drop specification unless essential
Flavors: r-devel-linux-x86_64-debian-clang, r-devel-linux-x86_64-debian-gcc, r-devel-linux-x86_64-fedora-clang, r-devel-linux-x86_64-fedora-gcc, r-patched-linux-x86_64