Last updated on 2024-04-17 12:27:26 CEST.
Flavor | Version | Tinstall | Tcheck | Ttotal | Status | Flags |
---|---|---|---|---|---|---|
r-devel-linux-x86_64-debian-clang | 1.1 | 305.03 | 34.53 | 339.56 | OK | |
r-devel-linux-x86_64-debian-gcc | 1.1 | 235.67 | 39.40 | 275.07 | OK | |
r-devel-linux-x86_64-fedora-clang | 1.1 | 413.45 | OK | |||
r-devel-linux-x86_64-fedora-gcc | 1.1 | 493.06 | OK | |||
r-prerel-macos-arm64 | 1.1 | 78.00 | NOTE | |||
r-prerel-windows-x86_64 | 1.1 | 185.00 | 86.00 | 271.00 | OK | |
r-patched-linux-x86_64 | 1.1 | 277.67 | 49.17 | 326.84 | OK | |
r-release-linux-x86_64 | 1.1 | 269.15 | 49.77 | 318.92 | OK | |
r-release-macos-arm64 | 1.1 | 99.00 | NOTE | |||
r-release-macos-x86_64 | 1.1 | 154.00 | NOTE | |||
r-release-windows-x86_64 | 1.1 | 240.00 | 99.00 | 339.00 | OK | |
r-oldrel-macos-arm64 | 1.1 | 82.00 | NOTE | |||
r-oldrel-windows-x86_64 | 1.1 | 219.00 | 89.00 | 308.00 | OK |
Version: 1.1
Check: installed package size
Result: NOTE
installed size is 27.8Mb
sub-directories of 1Mb or more:
libs 27.7Mb
Flavors: r-prerel-macos-arm64, r-release-macos-arm64, r-release-macos-x86_64, r-oldrel-macos-arm64