Last updated on 2023-03-23 03:53:31 CET.
Flavor | Version | Tinstall | Tcheck | Ttotal | Status | Flags |
---|---|---|---|---|---|---|
r-devel-linux-x86_64-debian-clang | 0.1.0 | 5.11 | 40.56 | 45.67 | NOTE | |
r-devel-linux-x86_64-debian-gcc | 0.1.0 | 3.82 | 31.74 | 35.56 | NOTE | |
r-devel-linux-x86_64-fedora-clang | 0.1.0 | 61.44 | NOTE | |||
r-devel-linux-x86_64-fedora-gcc | 0.1.0 | 69.88 | NOTE | |||
r-devel-windows-x86_64 | 0.1.0 | 89.00 | 85.00 | 174.00 | NOTE | |
r-patched-linux-x86_64 | 0.1.0 | 6.95 | 39.49 | 46.44 | NOTE | |
r-release-linux-x86_64 | 0.1.0 | 4.38 | 38.96 | 43.34 | NOTE | |
r-release-macos-arm64 | 0.1.0 | 23.00 | NOTE | |||
r-release-macos-x86_64 | 0.1.0 | 31.00 | NOTE | |||
r-release-windows-x86_64 | 0.1.0 | 97.00 | 70.00 | 167.00 | NOTE | |
r-oldrel-macos-arm64 | 0.1.0 | 25.00 | NOTE | |||
r-oldrel-macos-x86_64 | 0.1.0 | 39.00 | NOTE | |||
r-oldrel-windows-ix86+x86_64 | 0.1.0 | 11.00 | 67.00 | 78.00 | NOTE |
Version: 0.1.0
Check: LazyData
Result: NOTE
'LazyData' is specified without a 'data' directory
Flavors: r-devel-linux-x86_64-debian-clang, r-devel-linux-x86_64-debian-gcc, r-devel-linux-x86_64-fedora-clang, r-devel-linux-x86_64-fedora-gcc, r-devel-windows-x86_64, r-patched-linux-x86_64, r-release-linux-x86_64, r-release-macos-arm64, r-release-macos-x86_64, r-release-windows-x86_64, r-oldrel-macos-arm64, r-oldrel-macos-x86_64, r-oldrel-windows-ix86+x86_64