CRAN Package Check Results for Package RH2

Last updated on 2022-05-26 12:53:49 CEST.

Flavor Version Tinstall Tcheck Ttotal Status Flags
r-devel-linux-x86_64-debian-clang 0.2.4 6.51 56.69 63.20 OK
r-devel-linux-x86_64-debian-gcc 0.2.4 5.08 49.63 54.71 OK
r-devel-linux-x86_64-fedora-clang 0.2.4 74.64 NOTE
r-devel-linux-x86_64-fedora-gcc 0.2.4 74.56 OK
r-devel-windows-x86_64 0.2.4 17.00 69.00 86.00 OK
r-patched-linux-x86_64 0.2.4 8.06 55.32 63.38 OK
r-release-linux-x86_64 0.2.4 OK
r-release-macos-arm64 0.2.4 22.00 OK
r-release-macos-x86_64 0.2.4 33.00 OK
r-release-windows-x86_64 0.2.4 21.00 72.00 93.00 OK
r-oldrel-macos-arm64 0.2.4 33.00 OK
r-oldrel-macos-x86_64 0.2.4 47.00 OK
r-oldrel-windows-ix86+x86_64 0.2.4 14.00 65.00 79.00 OK

Check Details

Version: 0.2.4
Check: Rd cross-references
Result: NOTE
    Undeclared package ‘DBI’ in Rd xrefs
Flavor: r-devel-linux-x86_64-fedora-clang