Last updated on 2025-01-20 21:48:32 CET.
Flavor | Version | Tinstall | Tcheck | Ttotal | Status | Flags |
---|---|---|---|---|---|---|
r-devel-linux-x86_64-debian-clang | 0.1.2 | 5.81 | 34.75 | 40.56 | OK | |
r-devel-linux-x86_64-debian-gcc | 0.1.2 | 4.00 | 26.62 | 30.62 | OK | |
r-devel-linux-x86_64-fedora-clang | 0.1.2 | 62.55 | OK | |||
r-devel-linux-x86_64-fedora-gcc | 0.1.2 | 64.31 | OK | |||
r-devel-windows-x86_64 | 0.1.2 | 6.00 | 53.00 | 59.00 | OK | |
r-patched-linux-x86_64 | 0.1.2 | 5.01 | 33.08 | 38.09 | NOTE | |
r-release-linux-x86_64 | 0.1.2 | 4.73 | 32.91 | 37.64 | NOTE | |
r-release-macos-arm64 | 0.1.2 | 22.00 | NOTE | |||
r-release-macos-x86_64 | 0.1.2 | 32.00 | NOTE | |||
r-release-windows-x86_64 | 0.1.2 | 6.00 | 51.00 | 57.00 | NOTE | |
r-oldrel-macos-arm64 | 0.1.2 | 23.00 | NOTE | |||
r-oldrel-macos-x86_64 | 0.1.2 | 32.00 | NOTE | |||
r-oldrel-windows-x86_64 | 0.1.2 | 8.00 | 60.00 | 68.00 | NOTE |
Version: 0.1.2
Check: LazyData
Result: NOTE
'LazyData' is specified without a 'data' directory
Flavors: r-patched-linux-x86_64, r-release-linux-x86_64, r-release-macos-arm64, r-release-macos-x86_64, r-release-windows-x86_64, r-oldrel-macos-arm64, r-oldrel-macos-x86_64, r-oldrel-windows-x86_64