CRAN Package Check Results for Package RGraphics

Last updated on 2020-08-12 21:49:54 CEST.

Flavor Version Tinstall Tcheck Ttotal Status Flags
r-devel-linux-x86_64-debian-clang 3.0-2 11.97 72.59 84.56 OK
r-devel-linux-x86_64-debian-gcc 3.0-2 10.44 53.98 64.42 OK
r-devel-linux-x86_64-fedora-clang 3.0-2 107.08 OK
r-devel-linux-x86_64-fedora-gcc 3.0-2 97.02 OK
r-devel-windows-ix86+x86_64 3.0-2 19.00 113.00 132.00 OK
r-patched-linux-x86_64 3.0-2 11.33 70.57 81.90 OK
r-patched-solaris-x86 3.0-2 133.70 NOTE
r-release-linux-x86_64 3.0-2 10.59 76.64 87.23 OK
r-release-macos-x86_64 3.0-2 OK
r-release-windows-ix86+x86_64 3.0-2 30.00 112.00 142.00 OK
r-oldrel-macos-x86_64 3.0-2 OK
r-oldrel-windows-ix86+x86_64 3.0-2 19.00 73.00 92.00 OK

Check Details

Version: 3.0-2
Check: package dependencies
Result: NOTE
    Package suggested but not available for checking: ‘rsvg’
Flavor: r-patched-solaris-x86