CRAN Package Check Results for Package RGraphics

Last updated on 2022-08-13 21:52:58 CEST.

Flavor Version Tinstall Tcheck Ttotal Status Flags
r-devel-linux-x86_64-debian-clang 3.0-2 14.00 96.71 110.71 OK
r-devel-linux-x86_64-debian-gcc 3.0-2 11.49 71.89 83.38 OK
r-devel-linux-x86_64-fedora-clang 3.0-2 140.28 OK
r-devel-linux-x86_64-fedora-gcc 3.0-2 136.16 OK
r-devel-windows-x86_64 3.0-2 56.00 112.00 168.00 OK
r-patched-linux-x86_64 3.0-2 11.33 91.68 103.01 OK
r-release-linux-x86_64 3.0-2 13.44 92.09 105.53 OK
r-release-macos-arm64 3.0-2 32.00 OK
r-release-macos-x86_64 3.0-2 66.00 OK
r-release-windows-x86_64 3.0-2 56.00 108.00 164.00 OK
r-oldrel-macos-arm64 3.0-2 44.00 NOTE
r-oldrel-macos-x86_64 3.0-2 59.00 OK
r-oldrel-windows-ix86+x86_64 3.0-2 29.00 106.00 135.00 OK

Check Details

Version: 3.0-2
Check: package dependencies
Result: NOTE
    Packages suggested but not available for checking: 'showtext', 'sysfonts'
Flavor: r-oldrel-macos-arm64