CRAN Package Check Results for Package RGenetics

Last updated on 2025-02-04 03:49:58 CET.

Flavor Version Tinstall Tcheck Ttotal Status Flags
r-devel-linux-x86_64-debian-clang 0.1 2.15 18.44 20.59 NOTE
r-devel-linux-x86_64-debian-gcc 0.1 1.51 15.26 16.77 NOTE
r-devel-linux-x86_64-fedora-clang 0.1 33.86 NOTE
r-devel-linux-x86_64-fedora-gcc 0.1 30.92 NOTE
r-devel-windows-x86_64 0.1 3.00 43.00 46.00 NOTE
r-patched-linux-x86_64 0.1 2.06 17.55 19.61 NOTE
r-release-linux-x86_64 0.1 1.99 17.57 19.56 NOTE
r-release-macos-arm64 0.1 14.00 NOTE
r-release-macos-x86_64 0.1 22.00 NOTE
r-release-windows-x86_64 0.1 3.00 42.00 45.00 NOTE
r-oldrel-macos-arm64 0.1 14.00 NOTE
r-oldrel-macos-x86_64 0.1 18.00 NOTE
r-oldrel-windows-x86_64 0.1 3.00 40.00 43.00 NOTE

Check Details

Version: 0.1
Check: DESCRIPTION meta-information
Result: NOTE Malformed Description field: should contain one or more complete sentences. Flavors: r-devel-linux-x86_64-debian-clang, r-devel-linux-x86_64-debian-gcc, r-devel-linux-x86_64-fedora-clang, r-devel-linux-x86_64-fedora-gcc, r-devel-windows-x86_64, r-patched-linux-x86_64, r-release-linux-x86_64, r-release-macos-arm64, r-release-macos-x86_64, r-release-windows-x86_64, r-oldrel-macos-arm64, r-oldrel-macos-x86_64, r-oldrel-windows-x86_64