CRAN Package Check Results for Package RGCxGC

Last updated on 2022-01-19 11:54:10 CET.

Flavor Version Tinstall Tcheck Ttotal Status Flags
r-devel-linux-x86_64-debian-clang 1.1-2 OK
r-devel-linux-x86_64-debian-gcc 1.1-2 16.03 164.89 180.92 OK
r-devel-linux-x86_64-fedora-clang 1.1-2 279.89 NOTE
r-devel-linux-x86_64-fedora-gcc 1.1-2 271.51 OK
r-devel-windows-x86_64-new-UL 1.1-2 81.00 259.00 340.00 NOTE
r-devel-windows-x86_64-new-TK 1.1-2 OK
r-patched-linux-x86_64 1.1-2 11.75 214.47 226.22 OK
r-release-linux-x86_64 1.1-2 OK
r-release-macos-arm64 1.1-2 NOTE
r-release-macos-x86_64 1.1-2 NOTE
r-release-windows-ix86+x86_64 1.1-2 40.00 270.00 310.00 NOTE
r-oldrel-macos-x86_64 1.1-2 NOTE
r-oldrel-windows-ix86+x86_64 1.1-2 41.00 260.00 301.00 NOTE

Check Details

Version: 1.1-2
Check: installed package size
Result: NOTE
     installed size is 7.2Mb
     sub-directories of 1Mb or more:
     data 1.9Mb
     doc 2.2Mb
     extdata 2.7Mb
Flavors: r-devel-linux-x86_64-fedora-clang, r-devel-windows-x86_64-new-UL, r-release-macos-arm64, r-release-macos-x86_64, r-release-windows-ix86+x86_64, r-oldrel-macos-x86_64, r-oldrel-windows-ix86+x86_64