Last updated on 2022-06-27 21:51:28 CEST.
Flavor | Version | Tinstall | Tcheck | Ttotal | Status | Flags |
---|---|---|---|---|---|---|
r-devel-linux-x86_64-debian-clang | 1.1.4 | 8.02 | 73.90 | 81.92 | NOTE | |
r-devel-linux-x86_64-debian-gcc | 1.1.4 | 6.39 | 55.33 | 61.72 | NOTE | |
r-devel-linux-x86_64-fedora-clang | 1.1.4 | 109.99 | NOTE | |||
r-devel-linux-x86_64-fedora-gcc | 1.1.4 | 109.59 | NOTE | |||
r-devel-windows-x86_64 | 1.1.4 | 29.00 | 94.00 | 123.00 | NOTE | |
r-patched-linux-x86_64 | 1.1.4 | 6.98 | 70.22 | 77.20 | NOTE | |
r-release-linux-x86_64 | 1.1.4 | 5.15 | 69.83 | 74.98 | NOTE | |
r-release-macos-arm64 | 1.1.4 | 30.00 | NOTE | |||
r-release-macos-x86_64 | 1.1.4 | 49.00 | NOTE | |||
r-release-windows-x86_64 | 1.1.4 | 37.00 | 99.00 | 136.00 | NOTE | |
r-oldrel-macos-arm64 | 1.1.4 | 28.00 | NOTE | |||
r-oldrel-macos-x86_64 | 1.1.4 | 37.00 | NOTE | |||
r-oldrel-windows-ix86+x86_64 | 1.1.4 | 19.00 | 91.00 | 110.00 | NOTE |
Version: 1.1.4
Check: LazyData
Result: NOTE
'LazyData' is specified without a 'data' directory
Flavors: r-devel-linux-x86_64-debian-clang, r-devel-linux-x86_64-debian-gcc, r-devel-linux-x86_64-fedora-clang, r-devel-linux-x86_64-fedora-gcc, r-devel-windows-x86_64, r-patched-linux-x86_64, r-release-linux-x86_64, r-release-macos-arm64, r-release-macos-x86_64, r-release-windows-x86_64, r-oldrel-macos-arm64, r-oldrel-macos-x86_64, r-oldrel-windows-ix86+x86_64