Last updated on 2025-02-22 12:50:47 CET.
Flavor | Version | Tinstall | Tcheck | Ttotal | Status | Flags |
---|---|---|---|---|---|---|
r-devel-linux-x86_64-debian-clang | 1.2.4 | 8.07 | 318.08 | 326.15 | NOTE | |
r-devel-linux-x86_64-debian-gcc | 1.2.4 | 4.58 | 218.07 | 222.65 | NOTE | |
r-devel-linux-x86_64-fedora-clang | 1.2.4 | 529.84 | OK | |||
r-devel-linux-x86_64-fedora-gcc | 1.2.4 | 558.27 | OK | |||
r-devel-macos-arm64 | 1.2.4 | 163.00 | OK | |||
r-devel-macos-x86_64 | 1.2.4 | 354.00 | OK | |||
r-devel-windows-x86_64 | 1.2.4 | 9.00 | 343.00 | 352.00 | NOTE | |
r-patched-linux-x86_64 | 1.2.4 | 15.18 | 298.93 | 314.11 | OK | |
r-release-linux-x86_64 | 1.2.4 | 7.37 | 299.62 | 306.99 | OK | |
r-release-macos-arm64 | 1.2.4 | 155.00 | OK | |||
r-release-macos-x86_64 | 1.2.4 | 292.00 | OK | |||
r-release-windows-x86_64 | 1.2.4 | 11.00 | 341.00 | 352.00 | OK | |
r-oldrel-macos-arm64 | 1.2.4 | 130.00 | OK | |||
r-oldrel-macos-x86_64 | 1.2.4 | 246.00 | OK | |||
r-oldrel-windows-x86_64 | 1.2.4 | 12.00 | 448.00 | 460.00 | OK |
Version: 1.2.4
Check: Rd cross-references
Result: NOTE
Found the following Rd file(s) with Rd \link{} targets missing package
anchors:
resi.Rd: boot, vcovHC
Please provide package anchors for all Rd \link{} targets not in the
package itself and the base packages.
Flavors: r-devel-linux-x86_64-debian-clang, r-devel-linux-x86_64-debian-gcc, r-devel-windows-x86_64