CRAN Package Check Results for Package REREFACT

Last updated on 2022-01-25 06:48:46 CET.

Flavor Version Tinstall Tcheck Ttotal Status Flags
r-devel-linux-x86_64-debian-clang 1.0 8.74 86.60 95.34 NOTE
r-devel-linux-x86_64-debian-gcc 1.0 7.16 74.23 81.39 NOTE
r-devel-linux-x86_64-fedora-clang 1.0 116.16 NOTE
r-devel-linux-x86_64-fedora-gcc 1.0 108.25 NOTE
r-devel-windows-x86_64-new-UL 1.0 38.00 111.00 149.00 OK
r-devel-windows-x86_64-new-TK 1.0 OK
r-patched-linux-x86_64 1.0 8.43 83.69 92.12 NOTE
r-release-linux-x86_64 1.0 8.58 82.59 91.17 NOTE
r-release-macos-arm64 1.0 OK
r-release-macos-x86_64 1.0 OK
r-release-windows-ix86+x86_64 1.0 18.00 98.00 116.00 OK
r-oldrel-macos-x86_64 1.0 OK
r-oldrel-windows-ix86+x86_64 1.0 18.00 98.00 116.00 OK

Check Details

Version: 1.0
Check: for non-standard things in the check directory
Result: NOTE
    Found the following files/directories:
     'P.csv' 'correct_alpha.csv' 'correct_beta.csv' 'correct_gamma.csv'
     'correct_lambda.csv' 'correct_perm_list.csv' 'correct_psi.csv'
Flavors: r-devel-linux-x86_64-debian-clang, r-devel-linux-x86_64-debian-gcc, r-devel-linux-x86_64-fedora-clang, r-devel-linux-x86_64-fedora-gcc, r-patched-linux-x86_64, r-release-linux-x86_64