CRAN Package Check Results for Package REGENT

Last updated on 2025-02-04 03:49:58 CET.

Flavor Version Tinstall Tcheck Ttotal Status Flags
r-devel-linux-x86_64-debian-clang 1.0.6 3.37 32.24 35.61 NOTE
r-devel-linux-x86_64-debian-gcc 1.0.6 2.75 24.67 27.42 NOTE
r-devel-linux-x86_64-fedora-clang 1.0.6 61.60 NOTE
r-devel-linux-x86_64-fedora-gcc 1.0.6 54.58 NOTE
r-devel-windows-x86_64 1.0.6 5.00 57.00 62.00 OK
r-patched-linux-x86_64 1.0.6 3.81 30.46 34.27 NOTE
r-release-linux-x86_64 1.0.6 3.30 30.66 33.96 NOTE
r-release-macos-arm64 1.0.6 20.00 OK
r-release-macos-x86_64 1.0.6 31.00 OK
r-release-windows-x86_64 1.0.6 5.00 55.00 60.00 OK
r-oldrel-macos-arm64 1.0.6 21.00 OK
r-oldrel-macos-x86_64 1.0.6 28.00 OK
r-oldrel-windows-x86_64 1.0.6 5.00 56.00 61.00 OK

Check Details

Version: 1.0.6
Check: for non-standard things in the check directory
Result: NOTE Found the following files/directories: ‘EnvironmentalA.txt’ ‘EnvironmentalB.txt’ ‘Example.txt’ ‘Example_Predictions.txt’ ‘Example_RRDist.txt’ ‘Example_RRDistCol.TIF’ ‘Example_RRDistGrey.TIF’ ‘GeneticA.txt’ ‘GeneticB.txt’ ‘Inds.txt’ Flavors: r-devel-linux-x86_64-debian-clang, r-devel-linux-x86_64-debian-gcc, r-devel-linux-x86_64-fedora-clang, r-devel-linux-x86_64-fedora-gcc, r-patched-linux-x86_64, r-release-linux-x86_64