CRAN Package Check Results for Package RDota2

Last updated on 2023-11-30 12:49:33 CET.

Flavor Version Tinstall Tcheck Ttotal Status Flags
r-devel-linux-x86_64-debian-clang 0.1.6 2.28 32.02 34.30 NOTE
r-devel-linux-x86_64-debian-gcc 0.1.6 2.01 24.91 26.92 NOTE
r-devel-linux-x86_64-fedora-clang 0.1.6 43.68 NOTE
r-devel-linux-x86_64-fedora-gcc 0.1.6 53.07 NOTE
r-devel-windows-x86_64 0.1.6 4.00 57.00 61.00 NOTE
r-patched-linux-x86_64 0.1.6 3.06 31.45 34.51 NOTE
r-release-linux-x86_64 0.1.6 2.46 31.69 34.15 NOTE
r-release-macos-arm64 0.1.6 27.00 NOTE
r-release-macos-x86_64 0.1.6 33.00 NOTE
r-release-windows-x86_64 0.1.6 4.00 55.00 59.00 NOTE
r-oldrel-macos-arm64 0.1.6 20.00 NOTE
r-oldrel-macos-x86_64 0.1.6 28.00 NOTE
r-oldrel-windows-x86_64 0.1.6 4.00 57.00 61.00 NOTE

Check Details

Version: 0.1.6
Check: LazyData
Result: NOTE 'LazyData' is specified without a 'data' directory Flavors: r-devel-linux-x86_64-debian-clang, r-devel-linux-x86_64-debian-gcc, r-devel-linux-x86_64-fedora-clang, r-devel-linux-x86_64-fedora-gcc, r-devel-windows-x86_64, r-patched-linux-x86_64, r-release-linux-x86_64, r-release-macos-arm64, r-release-macos-x86_64, r-release-windows-x86_64, r-oldrel-macos-arm64, r-oldrel-macos-x86_64, r-oldrel-windows-x86_64