Last updated on 2025-05-06 12:49:47 CEST.
Flavor | Version | Tinstall | Tcheck | Ttotal | Status | Flags |
---|---|---|---|---|---|---|
r-devel-linux-x86_64-debian-clang | 0.1.6 | 2.05 | 28.96 | 31.01 | OK | |
r-devel-linux-x86_64-debian-gcc | 0.1.6 | 1.57 | 23.35 | 24.92 | OK | |
r-devel-linux-x86_64-fedora-clang | 0.1.6 | 48.24 | OK | |||
r-devel-linux-x86_64-fedora-gcc | 0.1.6 | 59.22 | OK | |||
r-devel-windows-x86_64 | 0.1.6 | 4.00 | 57.00 | 61.00 | OK | |
r-patched-linux-x86_64 | 0.1.6 | 1.96 | 26.77 | 28.73 | OK | |
r-release-linux-x86_64 | 0.1.6 | 1.75 | 26.66 | 28.41 | OK | |
r-release-macos-arm64 | 0.1.6 | 25.00 | OK | |||
r-release-macos-x86_64 | 0.1.6 | 40.00 | OK | |||
r-release-windows-x86_64 | 0.1.6 | 4.00 | 57.00 | 61.00 | OK | |
r-oldrel-macos-arm64 | 0.1.6 | 26.00 | NOTE | |||
r-oldrel-macos-x86_64 | 0.1.6 | 35.00 | NOTE | |||
r-oldrel-windows-x86_64 | 0.1.6 | 5.00 | 62.00 | 67.00 | NOTE |
Version: 0.1.6
Check: LazyData
Result: NOTE
'LazyData' is specified without a 'data' directory
Flavors: r-oldrel-macos-arm64, r-oldrel-macos-x86_64, r-oldrel-windows-x86_64