CRAN Package Check Results for Package RDML

Last updated on 2024-07-21 06:52:29 CEST.

Flavor Version Tinstall Tcheck Ttotal Status Flags
r-devel-linux-x86_64-debian-clang 1.0 41.99 67.85 109.84 NOTE
r-devel-linux-x86_64-debian-gcc 1.0 30.47 51.62 82.09 NOTE
r-devel-linux-x86_64-fedora-clang 1.0 145.44 NOTE
r-devel-linux-x86_64-fedora-gcc 1.0 137.11 NOTE
r-devel-windows-x86_64 1.0 32.00 77.00 109.00 NOTE
r-patched-linux-x86_64 1.0 39.73 65.23 104.96 NOTE
r-release-linux-x86_64 1.0 24.98 65.19 90.17 NOTE
r-release-macos-arm64 1.0 37.00 NOTE
r-release-macos-x86_64 1.0 59.00 NOTE
r-release-windows-x86_64 1.0 31.00 74.00 105.00 NOTE
r-oldrel-macos-arm64 1.0 39.00 NOTE
r-oldrel-macos-x86_64 1.0 67.00 NOTE
r-oldrel-windows-x86_64 1.0 41.00 88.00 129.00 NOTE

Check Details

Version: 1.0
Check: LazyData
Result: NOTE 'LazyData' is specified without a 'data' directory Flavors: r-devel-linux-x86_64-debian-clang, r-devel-linux-x86_64-debian-gcc, r-devel-linux-x86_64-fedora-clang, r-devel-linux-x86_64-fedora-gcc, r-devel-windows-x86_64, r-patched-linux-x86_64, r-release-linux-x86_64, r-release-macos-arm64, r-release-macos-x86_64, r-release-windows-x86_64, r-oldrel-macos-arm64, r-oldrel-macos-x86_64, r-oldrel-windows-x86_64

Version: 1.0
Check: Rd cross-references
Result: NOTE Found the following Rd file(s) with Rd \link{} targets missing package anchors: RDML.Rd: R6Class adpsType.Rd: R6Class annotationType.Rd: R6Class baseTemperatureType.Rd: R6Class cdnaSynthesisMethodType.Rd: R6Class commercialAssayType.Rd: R6Class cqDetectionMethodType.Rd: R6Class dataCollectionSoftwareType.Rd: R6Class dataType.Rd: R6Class documentationType.Rd: R6Class dyeType.Rd: R6Class enumType.Rd: R6Class experimentType.Rd: R6Class experimenterType.Rd: R6Class gradientType.Rd: R6Class idReferencesType.Rd: R6Class idType.Rd: R6Class labelFormatType.Rd: R6Class lidOpenType.Rd: R6Class loopType.Rd: R6Class mdpsType.Rd: R6Class measureType.Rd: R6Class nucleotideType.Rd: R6Class oligoType.Rd: R6Class pauseType.Rd: R6Class pcrFormatType.Rd: R6Class primingMethodType.Rd: R6Class quantityType.Rd: R6Class quantityUnitType.Rd: R6Class rdmlBaseType.Rd: R6Class rdmlIdType.Rd: R6Class reactIdType.Rd: R6Class reactType.Rd: R6Class runType.Rd: R6Class sampleType.Rd: R6Class sampleTypeType.Rd: R6Class sequencesType.Rd: R6Class stepType.Rd: R6Class targetType.Rd: R6Class targetTypeType.Rd: R6Class temperatureType.Rd: R6Class templateQuantityType.Rd: R6Class thermalCyclingConditionsType.Rd: R6Class xRefType.Rd: R6Class Please provide package anchors for all Rd \link{} targets not in the package itself and the base packages. Flavors: r-devel-linux-x86_64-debian-gcc, r-devel-windows-x86_64