CRAN Package Check Results for Package RDML

Last updated on 2023-09-29 12:57:07 CEST.

Flavor Version Tinstall Tcheck Ttotal Status Flags
r-devel-linux-x86_64-debian-clang 1.0 35.97 68.61 104.58 NOTE
r-devel-linux-x86_64-debian-gcc 1.0 25.91 50.66 76.57 NOTE
r-devel-linux-x86_64-fedora-clang 1.0 134.66 NOTE
r-devel-linux-x86_64-fedora-gcc 1.0 139.13 NOTE
r-devel-windows-x86_64 1.0 30.00 76.00 106.00 NOTE
r-patched-linux-x86_64 1.0 31.72 64.28 96.00 NOTE
r-release-linux-x86_64 1.0 24.20 65.27 89.47 NOTE
r-release-macos-arm64 1.0 39.00 NOTE
r-release-macos-x86_64 1.0 67.00 NOTE
r-release-windows-x86_64 1.0 42.00 86.00 128.00 NOTE
r-oldrel-macos-arm64 1.0 35.00 NOTE
r-oldrel-macos-x86_64 1.0 64.00 NOTE
r-oldrel-windows-x86_64 1.0 40.00 82.00 122.00 NOTE

Check Details

Version: 1.0
Check: LazyData
Result: NOTE
     'LazyData' is specified without a 'data' directory
Flavors: r-devel-linux-x86_64-debian-clang, r-devel-linux-x86_64-debian-gcc, r-devel-linux-x86_64-fedora-clang, r-devel-linux-x86_64-fedora-gcc, r-devel-windows-x86_64, r-patched-linux-x86_64, r-release-linux-x86_64, r-release-macos-arm64, r-release-macos-x86_64, r-release-windows-x86_64, r-oldrel-macos-arm64, r-oldrel-macos-x86_64, r-oldrel-windows-x86_64