CRAN Package Check Results for Package RConics

Last updated on 2024-06-13 03:49:31 CEST.

Flavor Version Tinstall Tcheck Ttotal Status Flags
r-devel-linux-x86_64-debian-clang 1.1.1 3.30 28.37 31.67 NOTE
r-devel-linux-x86_64-debian-gcc 1.1.1 2.43 21.12 23.55 NOTE
r-devel-linux-x86_64-fedora-clang 1.1.1 40.66 NOTE
r-devel-linux-x86_64-fedora-gcc 1.1.1 38.00 NOTE
r-devel-windows-x86_64 1.1.1 3.00 44.00 47.00 NOTE
r-patched-linux-x86_64 1.1.1 3.47 27.67 31.14 NOTE
r-release-linux-x86_64 1.1.1 3.22 27.33 30.55 NOTE
r-release-macos-arm64 1.1.1 16.00 NOTE
r-release-macos-x86_64 1.1.1 22.00 NOTE
r-release-windows-x86_64 1.1.1 3.00 44.00 47.00 NOTE
r-oldrel-macos-arm64 1.1.1 17.00 NOTE
r-oldrel-macos-x86_64 1.1.1 22.00 NOTE
r-oldrel-windows-x86_64 1.1.1 5.00 46.00 51.00 NOTE

Check Details

Version: 1.1.1
Check: package dependencies
Result: NOTE Package suggested but not available for checking: ‘conics’ Flavors: r-devel-linux-x86_64-debian-clang, r-devel-linux-x86_64-debian-gcc, r-devel-linux-x86_64-fedora-clang, r-devel-linux-x86_64-fedora-gcc, r-devel-windows-x86_64, r-patched-linux-x86_64, r-release-linux-x86_64, r-release-macos-arm64, r-release-macos-x86_64, r-release-windows-x86_64, r-oldrel-macos-arm64, r-oldrel-macos-x86_64, r-oldrel-windows-x86_64