CRAN Package Check Results for Package RChronoModel

Last updated on 2022-05-25 11:51:13 CEST.

Flavor Version Tinstall Tcheck Ttotal Status Flags
r-devel-linux-x86_64-debian-clang 0.4 4.22 56.38 60.60 NOTE
r-devel-linux-x86_64-debian-gcc 0.4 3.24 44.04 47.28 NOTE
r-devel-linux-x86_64-fedora-clang 0.4 71.32 NOTE
r-devel-linux-x86_64-fedora-gcc 0.4 72.43 NOTE
r-devel-windows-x86_64 0.4 32.00 82.00 114.00 OK
r-patched-linux-x86_64 0.4 4.34 55.74 60.08 NOTE
r-release-linux-x86_64 0.4 NOTE
r-release-macos-arm64 0.4 27.00 OK
r-release-macos-x86_64 0.4 46.00 OK
r-release-windows-x86_64 0.4 26.00 82.00 108.00 OK
r-oldrel-macos-arm64 0.4 31.00 OK
r-oldrel-macos-x86_64 0.4 44.00 OK
r-oldrel-windows-ix86+x86_64 0.4 8.00 72.00 80.00 OK

Check Details

Version: 0.4
Check: for non-standard things in the check directory
Result: NOTE
    Found the following files/directories:
     'data.csv'
Flavors: r-devel-linux-x86_64-debian-clang, r-devel-linux-x86_64-debian-gcc, r-devel-linux-x86_64-fedora-clang, r-devel-linux-x86_64-fedora-gcc, r-patched-linux-x86_64, r-release-linux-x86_64