CRAN Package Check Results for Package RChronoModel

Last updated on 2022-11-30 20:55:22 CET.

Flavor Version Tinstall Tcheck Ttotal Status Flags
r-devel-linux-x86_64-debian-clang 0.4 3.58 48.64 52.22 NOTE
r-devel-linux-x86_64-debian-gcc 0.4 3.06 38.90 41.96 NOTE
r-devel-linux-x86_64-fedora-clang 0.4 75.88 NOTE
r-devel-linux-x86_64-fedora-gcc 0.4 73.66 NOTE
r-devel-windows-x86_64 0.4 31.00 88.00 119.00 OK
r-patched-linux-x86_64 0.4 4.54 46.71 51.25 NOTE
r-release-linux-x86_64 0.4 3.22 47.93 51.15 NOTE
r-release-macos-arm64 0.4 27.00 OK
r-release-macos-x86_64 0.4 46.00 OK
r-release-windows-x86_64 0.4 9.00 85.00 94.00 OK
r-oldrel-macos-arm64 0.4 31.00 OK
r-oldrel-macos-x86_64 0.4 44.00 OK
r-oldrel-windows-ix86+x86_64 0.4 8.00 77.00 85.00 OK

Check Details

Version: 0.4
Check: for non-standard things in the check directory
Result: NOTE
    Found the following files/directories:
     'data.csv'
Flavors: r-devel-linux-x86_64-debian-clang, r-devel-linux-x86_64-debian-gcc, r-devel-linux-x86_64-fedora-clang, r-devel-linux-x86_64-fedora-gcc, r-patched-linux-x86_64, r-release-linux-x86_64