CRAN Package Check Results for Package RCGLS

Last updated on 2024-05-29 03:52:00 CEST.

Flavor Version Tinstall Tcheck Ttotal Status Flags
r-devel-linux-x86_64-debian-clang 1.0.3 30.22 301.86 332.08 NOTE
r-devel-linux-x86_64-debian-gcc 1.0.3 24.28 210.06 234.34 NOTE
r-devel-linux-x86_64-fedora-clang 1.0.3 393.18 NOTE
r-devel-windows-x86_64 1.0.3 22.00 171.00 193.00 NOTE
r-patched-linux-x86_64 1.0.3 24.89 274.99 299.88 NOTE
r-release-linux-x86_64 1.0.3 29.96 286.76 316.72 NOTE
r-release-macos-arm64 1.0.3 82.00 NOTE
r-release-windows-x86_64 1.0.3 23.00 169.00 192.00 NOTE
r-oldrel-macos-arm64 1.0.3 88.00 NOTE
r-oldrel-macos-x86_64 1.0.3 165.00 NOTE
r-oldrel-windows-x86_64 1.0.3 33.00 227.00 260.00 NOTE

Check Details

Version: 1.0.3
Check: Rd files
Result: NOTE checkRd: (-1) nc_open_CGLS.Rd:29-32: Lost braces 29 | if(resolution == "300m"){ | ^ checkRd: (-1) nc_open_CGLS.Rd:33-36: Lost braces 33 | if(resolution == "1km"){ | ^ Flavors: r-devel-linux-x86_64-debian-clang, r-devel-linux-x86_64-debian-gcc, r-devel-linux-x86_64-fedora-clang, r-devel-windows-x86_64, r-patched-linux-x86_64, r-release-linux-x86_64, r-release-macos-arm64, r-release-windows-x86_64

Version: 1.0.3
Check: LazyData
Result: NOTE 'LazyData' is specified without a 'data' directory Flavors: r-devel-linux-x86_64-debian-clang, r-devel-linux-x86_64-debian-gcc, r-devel-linux-x86_64-fedora-clang, r-devel-windows-x86_64, r-patched-linux-x86_64, r-release-linux-x86_64, r-release-macos-arm64, r-release-windows-x86_64, r-oldrel-macos-arm64, r-oldrel-macos-x86_64, r-oldrel-windows-x86_64