Last updated on 2024-04-20 03:53:16 CEST.
Flavor | Version | Tinstall | Tcheck | Ttotal | Status | Flags |
---|---|---|---|---|---|---|
r-devel-linux-x86_64-debian-clang | 1.3.1 | 13.44 | 119.90 | 133.34 | NOTE | |
r-devel-linux-x86_64-debian-gcc | 1.3.1 | OK | ||||
r-devel-linux-x86_64-fedora-clang | 1.3.1 | 164.91 | NOTE | |||
r-devel-linux-x86_64-fedora-gcc | 1.3.1 | 165.57 | NOTE | |||
r-prerel-macos-arm64 | 1.3.1 | 86.00 | OK | |||
r-prerel-macos-x86_64 | 1.3.1 | 160.00 | OK | |||
r-prerel-windows-x86_64 | 1.3.1 | 18.00 | 155.00 | 173.00 | OK | |
r-patched-linux-x86_64 | 1.3.1 | 20.37 | 187.69 | 208.06 | OK | |
r-release-linux-x86_64 | 1.3.1 | 10.94 | 185.02 | 195.96 | OK | |
r-release-macos-arm64 | 1.3.1 | 70.00 | NOTE | |||
r-release-macos-x86_64 | 1.3.1 | 103.00 | NOTE | |||
r-release-windows-x86_64 | 1.3.1 | 20.00 | 201.00 | 221.00 | OK | |
r-oldrel-macos-arm64 | 1.3.1 | 74.00 | OK | |||
r-oldrel-windows-x86_64 | 1.3.1 | 21.00 | 178.00 | 199.00 | OK |
Version: 1.3.1
Check: package dependencies
Result: NOTE
Packages suggested but not available for checking: 'xcms', 'MSnbase'
Flavors: r-devel-linux-x86_64-debian-clang, r-devel-linux-x86_64-fedora-clang, r-devel-linux-x86_64-fedora-gcc, r-release-macos-arm64, r-release-macos-x86_64