Last updated on 2024-04-24 02:53:10 CEST.
Flavor | Version | Tinstall | Tcheck | Ttotal | Status | Flags |
---|---|---|---|---|---|---|
r-devel-linux-x86_64-debian-clang | 0.1.35 | 106.11 | 234.12 | 340.23 | OK | |
r-devel-linux-x86_64-debian-gcc | 0.1.35 | 102.71 | 173.90 | 276.61 | OK | |
r-devel-linux-x86_64-fedora-clang | 0.1.35 | 453.31 | OK | |||
r-devel-linux-x86_64-fedora-gcc | 0.1.35 | 498.37 | OK | |||
r-prerel-macos-arm64 | 0.1.35 | 110.00 | NOTE | |||
r-prerel-macos-x86_64 | 0.1.35 | 343.00 | NOTE | |||
r-prerel-windows-x86_64 | 0.1.35 | 83.00 | 194.00 | 277.00 | OK | |
r-patched-linux-x86_64 | 0.1.35 | 111.01 | 224.97 | 335.98 | OK | |
r-release-linux-x86_64 | 0.1.35 | 81.92 | 234.01 | 315.93 | OK | |
r-release-macos-arm64 | 0.1.35 | 112.00 | NOTE | |||
r-release-macos-x86_64 | 0.1.35 | 327.00 | NOTE | |||
r-release-windows-x86_64 | 0.1.35 | 103.00 | 251.00 | 354.00 | OK | |
r-oldrel-macos-arm64 | 0.1.35 | 110.00 | NOTE | |||
r-oldrel-windows-x86_64 | 0.1.35 | 98.00 | 229.00 | 327.00 | OK |
Version: 0.1.35
Check: installed package size
Result: NOTE
installed size is 34.7Mb
sub-directories of 1Mb or more:
libs 33.2Mb
Flavors: r-prerel-macos-arm64, r-prerel-macos-x86_64, r-release-macos-arm64, r-release-macos-x86_64, r-oldrel-macos-arm64