Last updated on 2022-08-18 06:49:37 CEST.
Flavor | Version | Tinstall | Tcheck | Ttotal | Status | Flags |
---|---|---|---|---|---|---|
r-devel-linux-x86_64-debian-clang | 0.1.29 | 99.65 | 214.96 | 314.61 | OK | |
r-devel-linux-x86_64-debian-gcc | 0.1.29 | 84.72 | 162.01 | 246.73 | OK | |
r-devel-linux-x86_64-fedora-clang | 0.1.29 | 413.81 | OK | |||
r-devel-linux-x86_64-fedora-gcc | 0.1.29 | 437.23 | OK | |||
r-devel-windows-x86_64 | 0.1.29 | 99.00 | 273.00 | 372.00 | OK | |
r-patched-linux-x86_64 | 0.1.29 | 95.53 | 198.15 | 293.68 | OK | |
r-release-linux-x86_64 | 0.1.29 | 94.47 | 201.50 | 295.97 | OK | |
r-release-macos-arm64 | 0.1.29 | 106.00 | NOTE | |||
r-release-macos-x86_64 | 0.1.29 | 127.00 | NOTE | |||
r-release-windows-x86_64 | 0.1.29 | 91.00 | 249.00 | 340.00 | OK | |
r-oldrel-macos-arm64 | 0.1.29 | 91.00 | NOTE | |||
r-oldrel-macos-x86_64 | 0.1.29 | 127.00 | NOTE | |||
r-oldrel-windows-ix86+x86_64 | 0.1.29 | 192.00 | 291.00 | 483.00 | OK |
Version: 0.1.29
Check: package dependencies
Result: NOTE
Package suggested but not available for checking: ‘ggtree’
Flavor: r-release-macos-arm64
Version: 0.1.29
Check: installed package size
Result: NOTE
installed size is 31.9Mb
sub-directories of 1Mb or more:
libs 30.6Mb
Flavors: r-release-macos-arm64, r-release-macos-x86_64, r-oldrel-macos-arm64, r-oldrel-macos-x86_64