CRAN Package Check Results for Package RABR

Last updated on 2023-03-28 06:51:26 CEST.

Flavor Version Tinstall Tcheck Ttotal Status Flags
r-devel-linux-x86_64-debian-clang 0.1.1 2.88 47.06 49.94 OK
r-devel-linux-x86_64-debian-gcc 0.1.1 2.14 35.61 37.75 OK
r-devel-linux-x86_64-fedora-clang 0.1.1 60.79 NOTE
r-devel-linux-x86_64-fedora-gcc 0.1.1 70.71 NOTE
r-devel-windows-x86_64 0.1.1 15.00 567.00 582.00 OK
r-patched-linux-x86_64 0.1.1 2.76 44.18 46.94 OK
r-release-linux-x86_64 0.1.1 2.59 45.30 47.89 OK
r-release-macos-arm64 0.1.1 179.00 NOTE
r-release-macos-x86_64 0.1.1 201.00 NOTE
r-release-windows-x86_64 0.1.1 8.00 576.00 584.00 OK
r-oldrel-macos-arm64 0.1.1 145.00 NOTE
r-oldrel-macos-x86_64 0.1.1 191.00 NOTE
r-oldrel-windows-ix86+x86_64 0.1.1 7.00 592.00 599.00 OK

Check Details

Version: 0.1.1
Check: dependencies in R code
Result: NOTE
    Namespaces in Imports field not imported from:
     ‘asd’ ‘cubature’ ‘data.table’ ‘ggplot2’ ‘multxpert’ ‘survival’
     All declared Imports should be used.
Flavors: r-devel-linux-x86_64-fedora-clang, r-devel-linux-x86_64-fedora-gcc, r-release-macos-arm64, r-release-macos-x86_64, r-oldrel-macos-arm64, r-oldrel-macos-x86_64