Last updated on 2024-04-19 11:56:57 CEST.
Flavor | Version | Tinstall | Tcheck | Ttotal | Status | Flags |
---|---|---|---|---|---|---|
r-devel-linux-x86_64-debian-clang | 0.3.0 | 4.99 | 36.62 | 41.61 | NOTE | |
r-devel-linux-x86_64-debian-gcc | 0.3.0 | NOTE | ||||
r-devel-linux-x86_64-fedora-clang | 0.3.0 | 53.29 | NOTE | |||
r-devel-linux-x86_64-fedora-gcc | 0.3.0 | 50.20 | NOTE | |||
r-prerel-macos-arm64 | 0.3.0 | 23.00 | OK | |||
r-prerel-windows-x86_64 | 0.3.0 | 4.00 | 55.00 | 59.00 | NOTE | |
r-patched-linux-x86_64 | 0.3.0 | 4.83 | 35.58 | 40.41 | NOTE | |
r-release-linux-x86_64 | 0.3.0 | 4.22 | 36.42 | 40.64 | OK | |
r-release-macos-arm64 | 0.3.0 | 22.00 | OK | |||
r-release-macos-x86_64 | 0.3.0 | 28.00 | OK | |||
r-release-windows-x86_64 | 0.3.0 | 5.00 | 57.00 | 62.00 | OK | |
r-oldrel-macos-arm64 | 0.3.0 | 25.00 | OK | |||
r-oldrel-windows-x86_64 | 0.3.0 | 6.00 | 56.00 | 62.00 | OK |
Version: 0.3.0
Check: HTML version of manual
Result: NOTE
Found the following HTML validation problems:
Repository.html:125:1 (Repository.Rd:129): Warning: trimming empty <ul>
Flavors: r-devel-linux-x86_64-debian-clang, r-devel-linux-x86_64-debian-gcc, r-devel-linux-x86_64-fedora-clang, r-devel-linux-x86_64-fedora-gcc, r-prerel-windows-x86_64, r-patched-linux-x86_64