CRAN Package Check Results for Package R3port

Last updated on 2022-08-10 12:56:25 CEST.

Flavor Version Tinstall Tcheck Ttotal Status Flags
r-devel-linux-x86_64-debian-clang 0.2.4 4.93 45.96 50.89 NOTE
r-devel-linux-x86_64-debian-gcc 0.2.4 3.87 35.57 39.44 NOTE
r-devel-linux-x86_64-fedora-clang 0.2.4 69.96 NOTE
r-devel-linux-x86_64-fedora-gcc 0.2.4 73.23 NOTE
r-devel-windows-x86_64 0.2.4 17.00 82.00 99.00 NOTE
r-patched-linux-x86_64 0.2.4 7.28 44.01 51.29 NOTE
r-release-linux-x86_64 0.2.4 NOTE
r-release-macos-arm64 0.2.4 24.00 NOTE
r-release-macos-x86_64 0.2.4 32.00 NOTE
r-release-windows-x86_64 0.2.4 25.00 82.00 107.00 NOTE
r-oldrel-macos-arm64 0.2.4 27.00 NOTE
r-oldrel-macos-x86_64 0.2.4 38.00 NOTE
r-oldrel-windows-ix86+x86_64 0.2.4 9.00 69.00 78.00 NOTE

Check Details

Version: 0.2.4
Check: LazyData
Result: NOTE
     'LazyData' is specified without a 'data' directory
Flavors: r-devel-linux-x86_64-debian-clang, r-devel-linux-x86_64-debian-gcc, r-devel-linux-x86_64-fedora-clang, r-devel-linux-x86_64-fedora-gcc, r-devel-windows-x86_64, r-patched-linux-x86_64, r-release-linux-x86_64, r-release-macos-arm64, r-release-macos-x86_64, r-release-windows-x86_64, r-oldrel-macos-arm64, r-oldrel-macos-x86_64, r-oldrel-windows-ix86+x86_64