CRAN Package Check Results for Package R3port

Last updated on 2023-02-07 21:54:26 CET.

Flavor Version Tinstall Tcheck Ttotal Status Flags
r-devel-linux-x86_64-debian-clang 0.2.4 5.24 51.41 56.65 NOTE
r-devel-linux-x86_64-debian-gcc 0.2.4 3.19 40.28 43.47 NOTE
r-devel-linux-x86_64-fedora-clang 0.2.4 72.54 NOTE
r-devel-linux-x86_64-fedora-gcc 0.2.4 81.74 NOTE
r-devel-windows-x86_64 0.2.4 21.00 93.00 114.00 NOTE
r-patched-linux-x86_64 0.2.4 9.68 50.33 60.01 NOTE
r-release-linux-x86_64 0.2.4 5.45 50.98 56.43 NOTE
r-release-macos-arm64 0.2.4 24.00 NOTE
r-release-macos-x86_64 0.2.4 32.00 NOTE
r-release-windows-x86_64 0.2.4 23.00 98.00 121.00 NOTE
r-oldrel-macos-arm64 0.2.4 27.00 NOTE
r-oldrel-macos-x86_64 0.2.4 38.00 NOTE
r-oldrel-windows-ix86+x86_64 0.2.4 12.00 83.00 95.00 NOTE

Check Details

Version: 0.2.4
Check: LazyData
Result: NOTE
     'LazyData' is specified without a 'data' directory
Flavors: r-devel-linux-x86_64-debian-clang, r-devel-linux-x86_64-debian-gcc, r-devel-linux-x86_64-fedora-clang, r-devel-linux-x86_64-fedora-gcc, r-devel-windows-x86_64, r-patched-linux-x86_64, r-release-linux-x86_64, r-release-macos-arm64, r-release-macos-x86_64, r-release-windows-x86_64, r-oldrel-macos-arm64, r-oldrel-macos-x86_64, r-oldrel-windows-ix86+x86_64