CRAN Package Check Results for Package R2OpenBUGS

Last updated on 2025-01-20 21:48:32 CET.

Flavor Version Tinstall Tcheck Ttotal Status Flags
r-devel-linux-x86_64-debian-clang 3.2-3.2.1 4.15 38.68 42.83 NOTE
r-devel-linux-x86_64-debian-gcc 3.2-3.2.1 2.56 29.28 31.84 NOTE
r-devel-linux-x86_64-fedora-clang 3.2-3.2.1 69.86 NOTE
r-devel-linux-x86_64-fedora-gcc 3.2-3.2.1 81.94 NOTE
r-devel-windows-x86_64 3.2-3.2.1 6.00 81.00 87.00 NOTE
r-patched-linux-x86_64 3.2-3.2.1 4.44 37.89 42.33 NOTE
r-release-linux-x86_64 3.2-3.2.1 3.35 37.89 41.24 NOTE
r-release-macos-arm64 3.2-3.2.1 30.00 NOTE
r-release-macos-x86_64 3.2-3.2.1 49.00 NOTE
r-release-windows-x86_64 3.2-3.2.1 4.00 82.00 86.00 NOTE
r-oldrel-macos-arm64 3.2-3.2.1 31.00 OK
r-oldrel-macos-x86_64 3.2-3.2.1 46.00 OK
r-oldrel-windows-x86_64 3.2-3.2.1 6.00 75.00 81.00 OK

Check Details

Version: 3.2-3.2.1
Check: R code for possible problems
Result: NOTE Found the following calls to attach(): File ‘R2OpenBUGS/R/attach.all.R’: attach(x, name = name) See section ‘Good practice’ in ‘?attach’. Flavors: r-devel-linux-x86_64-debian-clang, r-devel-linux-x86_64-debian-gcc, r-patched-linux-x86_64, r-release-linux-x86_64

Version: 3.2-3.2.1
Check: Rd files
Result: NOTE checkRd: (-1) bugs.Rd:158: Lost braces in \itemize; meant \describe ? checkRd: (-1) bugs.Rd:163: Lost braces in \itemize; meant \describe ? checkRd: (-1) bugs.Rd:164: Lost braces in \itemize; meant \describe ? checkRd: (-1) bugs.Rd:166: Lost braces in \itemize; meant \describe ? Flavors: r-devel-linux-x86_64-debian-clang, r-devel-linux-x86_64-debian-gcc, r-devel-linux-x86_64-fedora-clang, r-devel-linux-x86_64-fedora-gcc, r-devel-windows-x86_64, r-patched-linux-x86_64, r-release-linux-x86_64, r-release-macos-arm64, r-release-macos-x86_64, r-release-windows-x86_64