Last updated on 2023-03-31 11:54:19 CEST.
Flavor | Version | Tinstall | Tcheck | Ttotal | Status | Flags |
---|---|---|---|---|---|---|
r-devel-linux-x86_64-debian-clang | 0.8-8 | 62.58 | 222.09 | 284.67 | OK | |
r-devel-linux-x86_64-debian-gcc | 0.8-8 | 48.59 | 163.26 | 211.85 | OK | |
r-devel-linux-x86_64-fedora-clang | 0.8-8 | 358.95 | NOTE | |||
r-devel-linux-x86_64-fedora-gcc | 0.8-8 | 355.47 | OK | |||
r-devel-windows-x86_64 | 0.8-8 | 118.00 | 0.00 | 118.00 | OK | |
r-patched-linux-x86_64 | 0.8-8 | 67.07 | 210.03 | 277.10 | OK | |
r-release-linux-x86_64 | 0.8-8 | 42.68 | 195.16 | 237.84 | OK | |
r-release-macos-arm64 | 0.8-8 | 80.00 | OK | |||
r-release-macos-x86_64 | 0.8-8 | 114.00 | OK | |||
r-release-windows-x86_64 | 0.8-8 | 70.00 | 244.00 | 314.00 | OK | |
r-oldrel-macos-arm64 | 0.8-8 | 73.00 | OK | |||
r-oldrel-macos-x86_64 | 0.8-8 | 115.00 | OK | |||
r-oldrel-windows-ix86+x86_64 | 0.8-8 | 113.00 | 219.00 | 332.00 | OK |
Version: 0.8-8
Check: Rd cross-references
Result: NOTE
Undeclared package ‘generics’ in Rd xrefs
Flavor: r-devel-linux-x86_64-fedora-clang