CRAN Package Check Results for Package R2HTML

Last updated on 2023-12-10 21:49:24 CET.

Flavor Version Tinstall Tcheck Ttotal Status Flags
r-devel-linux-x86_64-debian-clang 2.3.3 7.11 47.69 54.80 NOTE
r-devel-linux-x86_64-debian-gcc 2.3.3 6.26 35.85 42.11 NOTE
r-devel-linux-x86_64-fedora-clang 2.3.3 68.34 OK
r-devel-linux-x86_64-fedora-gcc 2.3.3 64.65 OK
r-devel-windows-x86_64 2.3.3 8.00 55.00 63.00 OK
r-patched-linux-x86_64 2.3.3 6.98 47.94 54.92 OK
r-release-linux-x86_64 2.3.3 8.68 46.97 55.65 OK
r-release-macos-arm64 2.3.3 24.00 OK
r-release-macos-x86_64 2.3.3 37.00 OK
r-release-windows-x86_64 2.3.3 10.00 62.00 72.00 OK
r-oldrel-macos-arm64 2.3.3 23.00 OK
r-oldrel-macos-x86_64 2.3.3 31.00 OK
r-oldrel-windows-x86_64 2.3.3 10.00 64.00 74.00 OK

Check Details

Version: 2.3.3
Check: Rd files
Result: NOTE checkRd: (-1) HTML.data.frame.Rd:54: Lost braces; missing escapes or markup? 54 | \code{getOption("R2HTML.format.decimal.mark")} and {options("R2HTML.format.decimal.mark"=",")} | ^ Flavors: r-devel-linux-x86_64-debian-clang, r-devel-linux-x86_64-debian-gcc