CRAN Package Check Results for Package R2DGC

Last updated on 2020-09-24 12:50:49 CEST.

Flavor Version Tinstall Tcheck Ttotal Status Flags
r-devel-linux-x86_64-debian-clang 1.0.3 3.42 36.80 40.22 NOTE
r-devel-linux-x86_64-debian-gcc 1.0.3 3.25 29.62 32.87 NOTE
r-devel-linux-x86_64-fedora-clang 1.0.3 58.61 OK
r-devel-linux-x86_64-fedora-gcc 1.0.3 49.97 OK
r-devel-windows-ix86+x86_64 1.0.3 9.00 60.00 69.00 NOTE
r-patched-linux-x86_64 1.0.3 3.82 36.36 40.18 NOTE
r-patched-solaris-x86 1.0.3 61.40 OK
r-release-linux-x86_64 1.0.3 3.41 35.80 39.21 NOTE
r-release-macos-x86_64 1.0.3 OK
r-release-windows-ix86+x86_64 1.0.3 7.00 59.00 66.00 NOTE
r-oldrel-macos-x86_64 1.0.3 OK
r-oldrel-windows-ix86+x86_64 1.0.3 5.00 51.00 56.00 OK

Check Details

Version: 1.0.3
Check: package vignettes
Result: NOTE
    Package vignette with placeholder title 'Vignette Title':
     'R2DGC.Rmd'
Flavors: r-devel-linux-x86_64-debian-clang, r-devel-linux-x86_64-debian-gcc, r-devel-windows-ix86+x86_64, r-patched-linux-x86_64, r-release-linux-x86_64, r-release-windows-ix86+x86_64