Last updated on 2024-04-19 11:56:57 CEST.
Flavor | Version | Tinstall | Tcheck | Ttotal | Status | Flags |
---|---|---|---|---|---|---|
r-devel-linux-x86_64-debian-clang | 1.0.5 | 5.17 | 48.50 | 53.67 | NOTE | |
r-devel-linux-x86_64-debian-gcc | 1.0.5 | NOTE | ||||
r-devel-linux-x86_64-fedora-clang | 1.0.5 | 70.29 | NOTE | |||
r-devel-linux-x86_64-fedora-gcc | 1.0.5 | 65.87 | NOTE | |||
r-prerel-macos-arm64 | 1.0.5 | 24.00 | NOTE | |||
r-prerel-windows-x86_64 | 1.0.5 | 8.00 | 64.00 | 72.00 | NOTE | |
r-patched-linux-x86_64 | 1.0.5 | 7.00 | 45.54 | 52.54 | NOTE | |
r-release-linux-x86_64 | 1.0.5 | 5.91 | 48.54 | 54.45 | NOTE | |
r-release-macos-arm64 | 1.0.5 | 23.00 | NOTE | |||
r-release-macos-x86_64 | 1.0.5 | 56.00 | NOTE | |||
r-release-windows-x86_64 | 1.0.5 | 9.00 | 63.00 | 72.00 | NOTE | |
r-oldrel-macos-arm64 | 1.0.5 | 28.00 | NOTE | |||
r-oldrel-windows-x86_64 | 1.0.5 | 10.00 | 66.00 | 76.00 | NOTE |
Version: 1.0.5
Check: package dependencies
Result: NOTE
Package suggested but not available for checking: ‘ReGenesees’
Flavors: r-devel-linux-x86_64-debian-clang, r-devel-linux-x86_64-debian-gcc, r-devel-linux-x86_64-fedora-clang, r-devel-linux-x86_64-fedora-gcc, r-prerel-macos-arm64, r-prerel-windows-x86_64, r-patched-linux-x86_64, r-release-linux-x86_64, r-release-macos-arm64, r-release-macos-x86_64, r-release-windows-x86_64, r-oldrel-macos-arm64, r-oldrel-windows-x86_64