Last updated on 2023-03-23 21:50:19 CET.
Flavor | Version | Tinstall | Tcheck | Ttotal | Status | Flags |
---|---|---|---|---|---|---|
r-devel-linux-x86_64-debian-clang | 1.2.5 | 123.13 | 106.40 | 229.53 | NOTE | |
r-devel-linux-x86_64-debian-gcc | 1.2.5 | 88.15 | 84.04 | 172.19 | NOTE | |
r-devel-linux-x86_64-fedora-clang | 1.2.5 | 384.27 | NOTE | |||
r-devel-linux-x86_64-fedora-gcc | 1.2.5 | 326.11 | NOTE | |||
r-devel-windows-x86_64 | 1.2.5 | 140.00 | 185.00 | 325.00 | NOTE | |
r-patched-linux-x86_64 | 1.2.5 | 100.82 | 103.18 | 204.00 | OK | |
r-release-linux-x86_64 | 1.2.5 | 95.62 | 103.63 | 199.25 | OK | |
r-release-macos-arm64 | 1.2.5 | 84.00 | OK | |||
r-release-macos-x86_64 | 1.2.5 | 104.00 | OK | |||
r-release-windows-x86_64 | 1.2.5 | 136.00 | 187.00 | 323.00 | OK | |
r-oldrel-macos-arm64 | 1.2.5 | 80.00 | OK | |||
r-oldrel-macos-x86_64 | 1.2.5 | 107.00 | OK | |||
r-oldrel-windows-ix86+x86_64 | 1.2.5 | 286.00 | 218.00 | 504.00 | OK |
Version: 1.2.5
Check: C++ specification
Result: NOTE
Specified C++11: please drop specification unless essential
Flavors: r-devel-linux-x86_64-debian-clang, r-devel-linux-x86_64-debian-gcc, r-devel-linux-x86_64-fedora-clang, r-devel-linux-x86_64-fedora-gcc, r-devel-windows-x86_64