Last updated on 2024-03-29 06:56:36 CET.
Flavor | Version | Tinstall | Tcheck | Ttotal | Status | Flags |
---|---|---|---|---|---|---|
r-devel-linux-x86_64-debian-clang | 0.1.5 | 27.17 | 212.02 | 239.19 | OK | |
r-devel-linux-x86_64-debian-gcc | 0.1.5 | 19.68 | 154.98 | 174.66 | OK | |
r-devel-linux-x86_64-fedora-clang | 0.1.5 | 285.08 | OK | |||
r-devel-linux-x86_64-fedora-gcc | 0.1.5 | 293.33 | OK | |||
r-devel-windows-x86_64 | 0.1.5 | 20.00 | 168.00 | 188.00 | OK | |
r-patched-linux-x86_64 | 0.1.5 | 18.15 | 199.87 | 218.02 | OK | |
r-release-linux-x86_64 | 0.1.5 | 15.99 | 202.23 | 218.22 | OK | |
r-release-macos-arm64 | 0.1.5 | 84.00 | OK | |||
r-release-macos-x86_64 | 0.1.5 | 214.00 | OK | |||
r-release-windows-x86_64 | 0.1.5 | 30.00 | 214.00 | 244.00 | OK | |
r-oldrel-macos-arm64 | 0.1.3 | 77.00 | ERROR | |||
r-oldrel-windows-x86_64 | 0.1.3 | 31.00 | 201.00 | 232.00 | OK |
Version: 0.1.3
Check: PDF version of manual
Result: WARN
LaTeX errors when creating PDF version.
This typically indicates Rd problems.
LaTeX errors found:
! Undefined control sequence.
<argument> K_\text
{max}
l.2230 ...to a user-specified \eqn{K_\text{max}}{}
)
! Undefined control sequence.
<argument> K_\text
{max}
l.2256 ...er}{integer} scalar \eqn{K_\text{max}}{}
,
! Undefined control sequence.
<argument> K^c+1=K_\text
{max}
l.2282 ...is stopped if \eqn{K^c+1=K_\text{max}}{}
,
Flavor: r-oldrel-macos-arm64
Version: 0.1.3
Check: PDF version of manual without index
Result: ERROR
Flavor: r-oldrel-macos-arm64