CRAN Package Check Results for Package Qtools

Last updated on 2020-05-26 03:48:29 CEST.

Flavor Version Tinstall Tcheck Ttotal Status Flags
r-devel-linux-x86_64-debian-clang 1.5.1 37.32 135.58 172.90 OK
r-devel-linux-x86_64-debian-gcc 1.5.1 31.18 102.75 133.93 OK
r-devel-linux-x86_64-fedora-clang 1.5.1 220.60 OK
r-devel-linux-x86_64-fedora-gcc 1.5.1 211.56 OK
r-devel-windows-ix86+x86_64 1.5.1 99.00 251.00 350.00 OK
r-patched-linux-x86_64 1.5.1 33.76 134.95 168.71 OK
r-patched-solaris-x86 1.5.1 251.40 WARN
r-release-linux-x86_64 1.5.1 32.61 134.39 167.00 OK
r-release-osx-x86_64 1.5.1 OK
r-release-windows-ix86+x86_64 1.5.1 88.00 249.00 337.00 OK
r-oldrel-osx-x86_64 1.5.1 WARN
r-oldrel-windows-ix86+x86_64 1.5.1 72.00 178.00 250.00 OK

Check Details

Version: 1.5.1
Check: re-building of vignette outputs
Result: WARN
    Error(s) in re-building vignettes:
     ...
    --- re-building ‘Qtools.Rmd’ using rmarkdown
    Warning in engine$weave(file, quiet = quiet, encoding = enc) :
     Pandoc (>= 1.12.3) and/or pandoc-citeproc not available. Falling back to R Markdown v1.
    Quitting from lines 124-146 (Qtools.Rmd)
    Error: processing vignette 'Qtools.Rmd' failed with diagnostics:
    argument is of length zero
    --- failed re-building ‘Qtools.Rmd’
    
    SUMMARY: processing the following file failed:
     ‘Qtools.Rmd’
    
    Error: Vignette re-building failed.
    Execution halted
Flavors: r-patched-solaris-x86, r-oldrel-osx-x86_64