CRAN Package Check Results for Package QWDAP

Last updated on 2022-11-30 02:52:41 CET.

Flavor Version Tinstall Tcheck Ttotal Status Flags
r-devel-linux-x86_64-debian-clang 1.1.17 66.89 45.76 112.65 OK
r-devel-linux-x86_64-debian-gcc 1.1.17 51.18 37.23 88.41 OK
r-devel-linux-x86_64-fedora-clang 1.1.17 152.35 OK
r-devel-linux-x86_64-fedora-gcc 1.1.17 145.93 OK
r-devel-windows-x86_64 1.1.17 53.00 103.00 156.00 OK
r-patched-linux-x86_64 1.1.17 51.52 45.30 96.82 OK
r-release-linux-x86_64 1.1.17 53.80 44.91 98.71 OK
r-release-macos-arm64 1.1.17 42.00 NOTE
r-release-macos-x86_64 1.1.17 56.00 NOTE
r-release-windows-x86_64 1.1.17 50.00 104.00 154.00 OK
r-oldrel-macos-arm64 1.1.17 42.00 NOTE
r-oldrel-macos-x86_64 1.1.17 53.00 NOTE
r-oldrel-windows-ix86+x86_64 1.1.17 134.00 107.00 241.00 OK

Check Details

Version: 1.1.17
Check: installed package size
Result: NOTE
     installed size is 14.2Mb
     sub-directories of 1Mb or more:
     libs 13.5Mb
Flavors: r-release-macos-arm64, r-release-macos-x86_64, r-oldrel-macos-arm64, r-oldrel-macos-x86_64