Last updated on 2023-04-02 12:56:14 CEST.
Flavor | Version | Tinstall | Tcheck | Ttotal | Status | Flags |
---|---|---|---|---|---|---|
r-devel-linux-x86_64-debian-clang | 2.0 | 3.86 | 43.09 | 46.95 | OK | |
r-devel-linux-x86_64-debian-gcc | 2.0 | 3.51 | 32.81 | 36.32 | OK | |
r-devel-linux-x86_64-fedora-clang | 2.0 | 58.79 | NOTE | |||
r-devel-linux-x86_64-fedora-gcc | 2.0 | 59.23 | NOTE | |||
r-devel-windows-x86_64 | 2.0 | 9.00 | 71.00 | 80.00 | OK | |
r-patched-linux-x86_64 | 2.0 | 4.93 | 41.26 | 46.19 | OK | |
r-release-linux-x86_64 | 2.0 | 3.29 | 42.63 | 45.92 | OK | |
r-release-macos-arm64 | 2.0 | 21.00 | NOTE | |||
r-release-macos-x86_64 | 2.0 | 30.00 | NOTE | |||
r-release-windows-x86_64 | 2.0 | 18.00 | 80.00 | 98.00 | OK | |
r-oldrel-macos-arm64 | 2.0 | 21.00 | NOTE | |||
r-oldrel-macos-x86_64 | 2.0 | 29.00 | NOTE | |||
r-oldrel-windows-ix86+x86_64 | 2.0 | 10.00 | 67.00 | 77.00 | OK |
Version: 2.0
Check: dependencies in R code
Result: NOTE
Namespace in Imports field not imported from: ‘methods’
All declared Imports should be used.
Flavors: r-devel-linux-x86_64-fedora-clang, r-devel-linux-x86_64-fedora-gcc, r-release-macos-arm64, r-release-macos-x86_64, r-oldrel-macos-arm64, r-oldrel-macos-x86_64