CRAN Package Check Results for Package QSARdata

Last updated on 2022-05-25 11:51:13 CEST.

Flavor Version Tinstall Tcheck Ttotal Status Flags
r-devel-linux-x86_64-debian-clang 1.3 2.67 41.62 44.29 NOTE
r-devel-linux-x86_64-debian-gcc 1.3 2.11 32.10 34.21 NOTE
r-devel-linux-x86_64-fedora-clang 1.3 51.95 NOTE
r-devel-linux-x86_64-fedora-gcc 1.3 50.52 NOTE
r-devel-windows-x86_64 1.3 12.00 62.00 74.00 NOTE
r-patched-linux-x86_64 1.3 3.45 40.31 43.76 NOTE
r-release-linux-x86_64 1.3 NOTE
r-release-macos-arm64 1.3 20.00 NOTE
r-release-macos-x86_64 1.3 28.00 NOTE
r-release-windows-x86_64 1.3 6.00 57.00 63.00 NOTE
r-oldrel-macos-arm64 1.3 22.00 NOTE
r-oldrel-macos-x86_64 1.3 35.00 NOTE
r-oldrel-windows-ix86+x86_64 1.3 6.00 46.00 52.00 NOTE

Check Details

Version: 1.3
Check: DESCRIPTION meta-information
Result: NOTE
    Malformed Description field: should contain one or more complete sentences.
Flavors: r-devel-linux-x86_64-debian-clang, r-devel-linux-x86_64-debian-gcc, r-devel-linux-x86_64-fedora-clang, r-devel-linux-x86_64-fedora-gcc, r-devel-windows-x86_64, r-patched-linux-x86_64, r-release-linux-x86_64, r-release-macos-arm64, r-release-macos-x86_64, r-release-windows-x86_64, r-oldrel-macos-arm64, r-oldrel-macos-x86_64, r-oldrel-windows-ix86+x86_64

Version: 1.3
Check: installed package size
Result: NOTE
     installed size is 12.7Mb
     sub-directories of 1Mb or more:
     data 12.5Mb
Flavors: r-devel-linux-x86_64-fedora-clang, r-devel-windows-x86_64, r-release-macos-arm64, r-release-macos-x86_64, r-release-windows-x86_64, r-oldrel-macos-arm64, r-oldrel-macos-x86_64, r-oldrel-windows-ix86+x86_64