CRAN Package Check Results for Package QRAGadget

Last updated on 2021-10-24 06:51:59 CEST.

Flavor Version Tinstall Tcheck Ttotal Status Flags
r-devel-linux-x86_64-debian-clang 0.1.0 22.14 205.12 227.26 NOTE
r-devel-linux-x86_64-debian-gcc 0.1.0 21.01 153.59 174.60 NOTE
r-devel-linux-x86_64-fedora-clang 0.1.0 286.80 NOTE
r-devel-linux-x86_64-fedora-gcc 0.1.0 272.29 NOTE
r-devel-windows-x86_64 0.1.0 36.00 230.00 266.00 NOTE
r-devel-windows-x86_64-gcc10-UCRT 0.1.0 NOTE
r-patched-linux-x86_64 0.1.0 22.58 199.92 222.50 NOTE
r-patched-solaris-x86 0.1.0 158.00 NOTE
r-release-linux-x86_64 0.1.0 19.58 199.37 218.95 NOTE
r-release-macos-arm64 0.1.0 NOTE
r-release-macos-x86_64 0.1.0 NOTE
r-release-windows-ix86+x86_64 0.1.0 38.00 231.00 269.00 NOTE
r-oldrel-macos-x86_64 0.1.0 OK
r-oldrel-windows-ix86+x86_64 0.1.0 25.00 99.00 124.00 OK

Check Details

Version: 0.1.0
Check: LazyData
Result: NOTE
     'LazyData' is specified without a 'data' directory
Flavors: r-devel-linux-x86_64-debian-clang, r-devel-linux-x86_64-debian-gcc, r-devel-linux-x86_64-fedora-clang, r-devel-linux-x86_64-fedora-gcc, r-devel-windows-x86_64, r-devel-windows-x86_64-gcc10-UCRT, r-patched-linux-x86_64, r-patched-solaris-x86, r-release-linux-x86_64, r-release-macos-arm64, r-release-macos-x86_64, r-release-windows-ix86+x86_64