CRAN Package Check Results for Package QFASA

Last updated on 2022-11-30 20:55:21 CET.

Flavor Version Tinstall Tcheck Ttotal Status Flags
r-devel-linux-x86_64-debian-clang 1.1.2 202.02 112.49 314.51 OK
r-devel-linux-x86_64-debian-gcc 1.1.2 174.31 82.74 257.05 OK
r-devel-linux-x86_64-fedora-clang 1.1.2 406.21 OK
r-devel-linux-x86_64-fedora-gcc 1.1.2 496.23 OK
r-devel-windows-x86_64 1.1.2 158.00 189.00 347.00 NOTE
r-patched-linux-x86_64 1.1.2 194.64 100.40 295.04 OK
r-release-linux-x86_64 1.1.2 175.93 96.81 272.74 OK
r-release-macos-arm64 1.1.2 124.00 NOTE
r-release-macos-x86_64 1.1.2 154.00 NOTE
r-release-windows-x86_64 1.1.2 170.00 179.00 349.00 NOTE
r-oldrel-macos-arm64 1.1.2 134.00 NOTE
r-oldrel-macos-x86_64 1.1.2 160.00 NOTE
r-oldrel-windows-ix86+x86_64 1.1.2 204.00 151.00 355.00 NOTE

Check Details

Version: 1.1.2
Check: installed package size
Result: NOTE
     installed size is 26.2Mb
     sub-directories of 1Mb or more:
     libs 25.6Mb
Flavors: r-devel-windows-x86_64, r-release-macos-arm64, r-release-macos-x86_64, r-release-windows-x86_64, r-oldrel-macos-arm64, r-oldrel-macos-x86_64, r-oldrel-windows-ix86+x86_64