Last updated on 2023-09-29 12:57:06 CEST.
Flavor | Version | Tinstall | Tcheck | Ttotal | Status | Flags |
---|---|---|---|---|---|---|
r-devel-linux-x86_64-debian-clang | 1.1 | 97.57 | 76.24 | 173.81 | OK | |
r-devel-linux-x86_64-debian-gcc | 1.1 | 78.67 | 60.68 | 139.35 | OK | |
r-devel-linux-x86_64-fedora-clang | 1.1 | 208.85 | OK | |||
r-devel-linux-x86_64-fedora-gcc | 1.1 | 268.10 | OK | |||
r-devel-windows-x86_64 | 1.1 | 65.00 | 97.00 | 162.00 | OK | |
r-patched-linux-x86_64 | 1.1 | 92.06 | 77.95 | 170.01 | OK | |
r-release-linux-x86_64 | 1.1 | 92.65 | 77.39 | 170.04 | OK | |
r-release-macos-arm64 | 1.1 | 74.00 | NOTE | |||
r-release-macos-x86_64 | 1.1 | 122.00 | NOTE | |||
r-release-windows-x86_64 | 1.1 | 83.00 | 115.00 | 198.00 | OK | |
r-oldrel-macos-arm64 | 1.1 | 63.00 | NOTE | |||
r-oldrel-macos-x86_64 | 1.1 | 82.00 | NOTE | |||
r-oldrel-windows-x86_64 | 1.1 | 76.00 | 106.00 | 182.00 | OK |
Version: 1.1
Check: installed package size
Result: NOTE
installed size is 21.8Mb
sub-directories of 1Mb or more:
libs 21.6Mb
Flavors: r-release-macos-arm64, r-release-macos-x86_64, r-oldrel-macos-arm64, r-oldrel-macos-x86_64