Last updated on 2023-03-31 11:54:18 CEST.
Flavor | Version | Tinstall | Tcheck | Ttotal | Status | Flags |
---|---|---|---|---|---|---|
r-devel-linux-x86_64-debian-clang | 0.1.0.1 | 57.28 | 303.54 | 360.82 | NOTE | |
r-devel-linux-x86_64-debian-gcc | 0.1.0.1 | 50.59 | 237.37 | 287.96 | NOTE | |
r-devel-linux-x86_64-fedora-clang | 0.1.0.1 | 436.09 | NOTE | |||
r-devel-linux-x86_64-fedora-gcc | 0.1.0.1 | 495.55 | NOTE | |||
r-devel-windows-x86_64 | 0.1.0.1 | 378.00 | 406.00 | 784.00 | NOTE | |
r-patched-linux-x86_64 | 0.1.0.1 | 50.95 | 296.44 | 347.39 | NOTE | |
r-release-linux-x86_64 | 0.1.0.1 | 49.70 | 314.80 | 364.50 | OK | |
r-release-macos-arm64 | 0.1.0.1 | 47.00 | NOTE | |||
r-release-macos-x86_64 | 0.1.0.1 | 62.00 | NOTE | |||
r-release-windows-x86_64 | 0.1.0.1 | 607.00 | 440.00 | 1047.00 | OK | |
r-oldrel-macos-arm64 | 0.1.0.1 | 57.00 | NOTE | |||
r-oldrel-macos-x86_64 | 0.1.0.1 | 104.00 | NOTE | |||
r-oldrel-windows-ix86+x86_64 | 0.1.0.1 | 145.00 | 629.00 | 774.00 | OK |
Version: 0.1.0.1
Check: C++ specification
Result: NOTE
Specified C++14: please drop specification unless essential
Flavors: r-devel-linux-x86_64-debian-clang, r-devel-linux-x86_64-debian-gcc, r-devel-linux-x86_64-fedora-clang, r-devel-linux-x86_64-fedora-gcc, r-devel-windows-x86_64, r-patched-linux-x86_64
Version: 0.1.0.1
Check: dependencies in R code
Result: NOTE
Namespace in Imports field not imported from: ‘Rdpack’
All declared Imports should be used.
Flavors: r-devel-linux-x86_64-fedora-clang, r-devel-linux-x86_64-fedora-gcc, r-release-macos-arm64, r-release-macos-x86_64, r-oldrel-macos-arm64, r-oldrel-macos-x86_64
Version: 0.1.0.1
Check: installed package size
Result: NOTE
installed size is 12.8Mb
sub-directories of 1Mb or more:
libs 12.5Mb
Flavors: r-release-macos-arm64, r-release-macos-x86_64, r-oldrel-macos-arm64, r-oldrel-macos-x86_64