CRAN Package Check Results for Package ProFound

Last updated on 2022-05-17 21:50:54 CEST.

Flavor Version Tinstall Tcheck Ttotal Status Flags
r-devel-linux-x86_64-debian-clang 1.14.1 72.30 111.32 183.62 OK
r-devel-linux-x86_64-debian-gcc 1.14.1 55.24 82.04 137.28 OK
r-devel-linux-x86_64-fedora-clang 1.14.1 244.37 NOTE
r-devel-linux-x86_64-fedora-gcc 1.14.1 215.37 OK
r-devel-windows-x86_64 1.14.1 131.00 172.00 303.00 NOTE
r-patched-linux-x86_64 1.14.1 67.62 101.70 169.32 OK
r-release-linux-x86_64 1.14.1 67.33 103.81 171.14 OK
r-release-macos-arm64 1.14.1 60.00 NOTE
r-release-macos-x86_64 1.14.1 85.00 NOTE
r-release-windows-x86_64 1.14.1 131.00 171.00 302.00 NOTE
r-oldrel-macos-arm64 1.14.1 123.00 NOTE
r-oldrel-macos-x86_64 1.14.1 136.00 NOTE
r-oldrel-windows-ix86+x86_64 1.14.1 171.00 162.00 333.00 NOTE

Check Details

Version: 1.14.1
Check: installed package size
Result: NOTE
     installed size is 6.0Mb
     sub-directories of 1Mb or more:
     data 1.7Mb
     extdata 1.2Mb
     libs 2.0Mb
Flavors: r-devel-linux-x86_64-fedora-clang, r-devel-windows-x86_64, r-release-macos-arm64, r-release-macos-x86_64, r-release-windows-x86_64, r-oldrel-macos-arm64, r-oldrel-macos-x86_64, r-oldrel-windows-ix86+x86_64

Version: 1.14.1
Check: package dependencies
Result: NOTE
    Package suggested but not available for checking: ‘EBImage’
Flavors: r-release-macos-arm64, r-oldrel-macos-arm64